Last updated on 2025-05-07 01:49:58 CEST.
Flavor | Version | Tinstall | Tcheck | Ttotal | Status | Flags |
---|---|---|---|---|---|---|
r-devel-linux-x86_64-debian-clang | 2.6 | 8.28 | 61.28 | 69.56 | NOTE | |
r-devel-linux-x86_64-debian-gcc | 2.6 | 6.17 | 45.22 | 51.39 | NOTE | |
r-devel-linux-x86_64-fedora-clang | 2.6 | 109.78 | OK | |||
r-devel-linux-x86_64-fedora-gcc | 2.6 | 102.88 | OK | |||
r-devel-windows-x86_64 | 2.6 | 9.00 | 71.00 | 80.00 | OK | |
r-patched-linux-x86_64 | 2.6 | 7.12 | 58.42 | 65.54 | OK | |
r-release-linux-x86_64 | 2.6 | 6.76 | 58.20 | 64.96 | OK | |
r-release-macos-arm64 | 2.6 | 35.00 | OK | |||
r-release-macos-x86_64 | 2.6 | 61.00 | OK | |||
r-release-windows-x86_64 | 2.6 | 9.00 | 73.00 | 82.00 | OK | |
r-oldrel-macos-arm64 | 2.6 | 32.00 | OK | |||
r-oldrel-macos-x86_64 | 2.6 | 47.00 | OK | |||
r-oldrel-windows-x86_64 | 2.6 | 11.00 | 85.00 | 96.00 | OK |
Version: 2.6
Check: CRAN incoming feasibility
Result: NOTE
Maintainer: ‘Marie-Karelle Riviere <eldamjh@gmail.com>’
No Authors@R field in DESCRIPTION.
Please add one, modifying
Authors@R: person(given = "Marie-Karelle",
family = "Riviere",
role = c("aut", "cre"),
email = "eldamjh@gmail.com")
as necessary.
Flavors: r-devel-linux-x86_64-debian-clang, r-devel-linux-x86_64-debian-gcc