Last updated on 2025-02-11 01:49:08 CET.
Flavor | Version | Tinstall | Tcheck | Ttotal | Status | Flags |
---|---|---|---|---|---|---|
r-devel-linux-x86_64-debian-clang | 1.2.2 | 7.01 | 59.14 | 66.15 | OK | |
r-devel-linux-x86_64-debian-gcc | 1.2.2 | 4.70 | 43.89 | 48.59 | OK | |
r-devel-linux-x86_64-fedora-clang | 1.2.2 | 108.48 | NOTE | |||
r-devel-linux-x86_64-fedora-gcc | 1.2.2 | 96.28 | NOTE | |||
r-devel-windows-x86_64 | 1.2.2 | 9.00 | 68.00 | 77.00 | OK | |
r-patched-linux-x86_64 | 1.2.2 | 6.30 | 54.80 | 61.10 | NOTE | |
r-release-linux-x86_64 | 1.2.2 | 6.69 | 55.52 | 62.21 | NOTE | |
r-release-macos-arm64 | 1.2.2 | 32.00 | NOTE | |||
r-release-macos-x86_64 | 1.2.2 | 47.00 | NOTE | |||
r-release-windows-x86_64 | 1.2.2 | 8.00 | 69.00 | 77.00 | NOTE | |
r-oldrel-macos-arm64 | 1.2.2 | 36.00 | NOTE | |||
r-oldrel-macos-x86_64 | 1.2.2 | 56.00 | NOTE | |||
r-oldrel-windows-x86_64 | 1.2.2 | 10.00 | 82.00 | 92.00 | NOTE |
Version: 1.2.2
Check: dependencies in R code
Result: NOTE
Namespaces in Imports field not imported from:
‘doParallel’ ‘foreach’ ‘spgwr’
All declared Imports should be used.
Flavors: r-devel-linux-x86_64-fedora-clang, r-devel-linux-x86_64-fedora-gcc
Version: 1.2.2
Check: LazyData
Result: NOTE
'LazyData' is specified without a 'data' directory
Flavors: r-patched-linux-x86_64, r-release-linux-x86_64, r-release-macos-arm64, r-release-macos-x86_64, r-release-windows-x86_64, r-oldrel-macos-arm64, r-oldrel-macos-x86_64, r-oldrel-windows-x86_64