Last updated on 2024-07-27 01:53:13 CEST.
Flavor | Version | Tinstall | Tcheck | Ttotal | Status | Flags |
---|---|---|---|---|---|---|
r-devel-linux-x86_64-debian-clang | 3.2.1 | 42.48 | 405.78 | 448.26 | OK | |
r-devel-linux-x86_64-debian-gcc | 3.2.1 | 38.13 | 288.21 | 326.34 | OK | |
r-devel-linux-x86_64-fedora-clang | 3.2.1 | 579.04 | NOTE | |||
r-devel-linux-x86_64-fedora-gcc | 3.2.1 | 515.57 | OK | |||
r-devel-windows-x86_64 | 3.2.1 | 40.00 | 224.00 | 264.00 | OK | |
r-patched-linux-x86_64 | 3.2.1 | OK | ||||
r-release-linux-x86_64 | 3.2.1 | 32.32 | 384.90 | 417.22 | OK | |
r-release-macos-arm64 | 3.2.1 | 112.00 | OK | |||
r-release-macos-x86_64 | 3.2.1 | 199.00 | OK | |||
r-release-windows-x86_64 | 3.2.1 | 37.00 | 224.00 | 261.00 | OK | |
r-oldrel-macos-arm64 | 3.2.1 | 119.00 | OK | |||
r-oldrel-macos-x86_64 | 3.2.1 | 284.00 | OK | |||
r-oldrel-windows-x86_64 | 3.2.1 | 54.00 | 307.00 | 361.00 | OK |
Version: 3.2.1
Check: package dependencies
Result: NOTE
Imports includes 21 non-default packages.
Importing from so many packages makes the package vulnerable to any of
them becoming unavailable. Move as many as possible to Suggests and
use conditionally.
Flavor: r-devel-linux-x86_64-fedora-clang