Last updated on 2025-05-06 02:50:20 CEST.
Flavor | Version | Tinstall | Tcheck | Ttotal | Status | Flags |
---|---|---|---|---|---|---|
r-devel-linux-x86_64-debian-clang | 0.2.0 | 5.34 | 41.38 | 46.72 | OK | |
r-devel-linux-x86_64-debian-gcc | 0.2.0 | 4.13 | 32.61 | 36.74 | OK | |
r-devel-linux-x86_64-fedora-clang | 0.2.0 | 74.55 | OK | |||
r-devel-linux-x86_64-fedora-gcc | 0.2.0 | 65.78 | OK | |||
r-devel-windows-x86_64 | 0.2.0 | 8.00 | 55.00 | 63.00 | OK | |
r-patched-linux-x86_64 | 0.2.0 | 5.56 | 38.10 | 43.66 | OK | |
r-release-linux-x86_64 | 0.2.0 | 5.32 | 38.31 | 43.63 | OK | |
r-release-macos-arm64 | 0.2.0 | 34.00 | OK | |||
r-release-macos-x86_64 | 0.2.0 | 62.00 | OK | |||
r-release-windows-x86_64 | 0.2.0 | 7.00 | 55.00 | 62.00 | OK | |
r-oldrel-macos-arm64 | 0.2.0 | 25.00 | NOTE | |||
r-oldrel-macos-x86_64 | 0.2.0 | 40.00 | NOTE | |||
r-oldrel-windows-x86_64 | 0.2.0 | 8.00 | 63.00 | 71.00 | NOTE |
Version: 0.2.0
Check: installed package size
Result: NOTE
installed size is 8.3Mb
sub-directories of 1Mb or more:
htmlwidgets 8.2Mb
Flavors: r-oldrel-macos-arm64, r-oldrel-macos-x86_64, r-oldrel-windows-x86_64