Last updated on 2025-11-13 01:50:21 CET.
| Flavor | Version | Tinstall | Tcheck | Ttotal | Status | Flags |
|---|---|---|---|---|---|---|
| r-devel-linux-x86_64-debian-clang | 1.1.0 | 2.83 | 74.55 | 77.38 | OK | |
| r-devel-linux-x86_64-debian-gcc | 1.1.0 | 2.17 | 55.50 | 57.67 | OK | |
| r-devel-linux-x86_64-fedora-clang | 1.2.0 | 14.00 | 118.47 | 132.47 | OK | |
| r-devel-linux-x86_64-fedora-gcc | 1.2.0 | 135.13 | OK | |||
| r-devel-windows-x86_64 | 1.1.0 | 6.00 | 86.00 | 92.00 | OK | |
| r-patched-linux-x86_64 | 1.1.0 | 3.07 | 68.68 | 71.75 | OK | |
| r-release-linux-x86_64 | 1.1.0 | 2.83 | 68.74 | 71.57 | OK | |
| r-release-macos-arm64 | 1.2.0 | 1.00 | 45.00 | 46.00 | OK | |
| r-release-macos-x86_64 | 1.2.0 | 3.00 | 125.00 | 128.00 | OK | |
| r-release-windows-x86_64 | 1.1.0 | 7.00 | 93.00 | 100.00 | OK | |
| r-oldrel-macos-arm64 | 1.2.0 | 1.00 | 49.00 | 50.00 | NOTE | |
| r-oldrel-macos-x86_64 | 1.2.0 | 3.00 | 102.00 | 105.00 | NOTE | |
| r-oldrel-windows-x86_64 | 1.1.0 | 8.00 | 108.00 | 116.00 | NOTE |
Version: 1.2.0
Check: installed package size
Result: NOTE
installed size is 6.0Mb
sub-directories of 1Mb or more:
doc 5.7Mb
Flavors: r-oldrel-macos-arm64, r-oldrel-macos-x86_64
Version: 1.1.0
Check: installed package size
Result: NOTE
installed size is 6.0Mb
sub-directories of 1Mb or more:
doc 5.7Mb
Flavor: r-oldrel-windows-x86_64