CRAN Package Check Results for Package GeneCycle

Last updated on 2025-02-21 02:52:12 CET.

Flavor Version Tinstall Tcheck Ttotal Status Flags
r-devel-linux-x86_64-debian-clang 1.1.5 2.20 29.62 31.82 NOTE
r-devel-linux-x86_64-debian-gcc 1.1.5 1.73 22.22 23.95 NOTE
r-devel-linux-x86_64-fedora-clang 1.1.5 50.71 OK
r-devel-linux-x86_64-fedora-gcc 1.1.5 48.08 OK
r-devel-macos-arm64 1.1.5 21.00 OK
r-devel-macos-x86_64 1.1.5 35.00 OK
r-devel-windows-x86_64 1.1.5 3.00 57.00 60.00 NOTE
r-patched-linux-x86_64 1.1.5 2.20 28.09 30.29 OK
r-release-linux-x86_64 1.1.5 1.98 28.31 30.29 OK
r-release-macos-arm64 1.1.5 19.00 OK
r-release-macos-x86_64 1.1.5 28.00 OK
r-release-windows-x86_64 1.1.5 3.00 56.00 59.00 OK
r-oldrel-macos-arm64 1.1.5 18.00 OK
r-oldrel-macos-x86_64 1.1.5 26.00 OK
r-oldrel-windows-x86_64 1.1.5 4.00 50.00 54.00 OK

Check Details

Version: 1.1.5
Check: Rd cross-references
Result: NOTE Found the following Rd file(s) with Rd \link{} targets missing package anchors: robust.g.test.Rd: rlm Please provide package anchors for all Rd \link{} targets not in the package itself and the base packages. Flavors: r-devel-linux-x86_64-debian-clang, r-devel-linux-x86_64-debian-gcc, r-devel-windows-x86_64