Last updated on 2025-05-05 01:50:47 CEST.
Flavor | Version | Tinstall | Tcheck | Ttotal | Status | Flags |
---|---|---|---|---|---|---|
r-devel-linux-x86_64-debian-clang | 1.0.1 | 1.62 | 20.86 | 22.48 | NOTE | |
r-devel-linux-x86_64-debian-gcc | 1.0.1 | 1.49 | 15.86 | 17.35 | NOTE | |
r-devel-linux-x86_64-fedora-clang | 1.0.1 | 35.93 | NOTE | |||
r-devel-linux-x86_64-fedora-gcc | 1.0.1 | 33.71 | NOTE | |||
r-devel-windows-x86_64 | 1.0.1 | 3.00 | 38.00 | 41.00 | NOTE | |
r-patched-linux-x86_64 | 1.0.1 | 1.86 | 20.41 | 22.27 | NOTE | |
r-release-linux-x86_64 | 1.0.1 | 1.79 | 19.78 | 21.57 | NOTE | |
r-release-macos-arm64 | 1.0.1 | 17.00 | NOTE | |||
r-release-macos-x86_64 | 1.0.1 | 24.00 | NOTE | |||
r-release-windows-x86_64 | 1.0.1 | 4.00 | 38.00 | 42.00 | NOTE | |
r-oldrel-macos-arm64 | 1.0.1 | 14.00 | NOTE | |||
r-oldrel-macos-x86_64 | 1.0.1 | 21.00 | NOTE | |||
r-oldrel-windows-x86_64 | 1.0.1 | 4.00 | 38.00 | 42.00 | NOTE |
Version: 1.0.1
Check: Rd files
Result: NOTE
checkRd: (-1) GeneF-internal.Rd:40: Lost braces; missing escapes or markup?
40 | \author{Yinglei Lai {ylai@gwu.edu}}
| ^
checkRd: (-1) flexorhtest.Rd:57: Lost braces; missing escapes or markup?
57 | \author{Yinglei Lai {ylai@gwu.edu}}
| ^
checkRd: (-1) flexorhtest.pvalue.Rd:57: Lost braces; missing escapes or markup?
57 | \author{Yinglei Lai {ylai@gwu.edu}}
| ^
Flavors: r-devel-linux-x86_64-debian-clang, r-devel-linux-x86_64-debian-gcc, r-devel-linux-x86_64-fedora-clang, r-devel-linux-x86_64-fedora-gcc, r-devel-windows-x86_64, r-patched-linux-x86_64, r-release-linux-x86_64, r-release-macos-arm64, r-release-macos-x86_64, r-release-windows-x86_64, r-oldrel-macos-arm64, r-oldrel-macos-x86_64, r-oldrel-windows-x86_64