Last updated on 2024-07-27 01:53:12 CEST.
Flavor | Version | Tinstall | Tcheck | Ttotal | Status | Flags |
---|---|---|---|---|---|---|
r-devel-linux-x86_64-debian-clang | 1.0.1 | 18.32 | 254.31 | 272.63 | OK | |
r-devel-linux-x86_64-debian-gcc | 1.0.1 | 10.85 | 195.43 | 206.28 | OK | |
r-devel-linux-x86_64-fedora-clang | 1.0.1 | 336.97 | NOTE | |||
r-devel-linux-x86_64-fedora-gcc | 1.0.1 | 348.29 | OK | |||
r-devel-windows-x86_64 | 1.0.1 | 29.00 | 196.00 | 225.00 | OK | |
r-patched-linux-x86_64 | 1.0.1 | OK | ||||
r-release-linux-x86_64 | 1.0.1 | 8.84 | 239.87 | 248.71 | OK | |
r-release-macos-arm64 | 1.0.1 | 104.00 | OK | |||
r-release-macos-x86_64 | 1.0.1 | 158.00 | OK | |||
r-release-windows-x86_64 | 1.0.1 | 27.00 | 200.00 | 227.00 | OK | |
r-oldrel-macos-arm64 | 1.0.1 | 117.00 | NOTE | |||
r-oldrel-macos-x86_64 | 1.0.1 | 315.00 | NOTE | |||
r-oldrel-windows-x86_64 | 1.0.1 | 37.00 | 255.00 | 292.00 | OK |
Version: 1.0.1
Check: package dependencies
Result: NOTE
Package which this enhances but not available for checking: ‘simplifyEnrichment’
Flavors: r-devel-linux-x86_64-fedora-clang, r-oldrel-macos-arm64, r-oldrel-macos-x86_64