CRAN Package Check Results for Package GetLattesData

Last updated on 2025-07-04 01:49:55 CEST.

Flavor Version Tinstall Tcheck Ttotal Status Flags
r-devel-linux-x86_64-debian-clang 1.5 2.48 45.85 48.33 NOTE
r-devel-linux-x86_64-debian-gcc 1.5 1.92 34.68 36.60 NOTE
r-devel-linux-x86_64-fedora-clang 1.5 73.27 NOTE
r-devel-linux-x86_64-fedora-gcc 1.5 84.98 NOTE
r-devel-windows-x86_64 1.5 5.00 67.00 72.00 NOTE
r-patched-linux-x86_64 1.5 2.33 43.09 45.42 NOTE
r-release-linux-x86_64 1.5 2.42 43.27 45.69 NOTE
r-release-macos-arm64 1.5 32.00 NOTE
r-release-macos-x86_64 1.5 58.00 NOTE
r-release-windows-x86_64 1.5 5.00 67.00 72.00 NOTE
r-oldrel-macos-arm64 1.5 38.00 NOTE
r-oldrel-macos-x86_64 1.5 50.00 NOTE
r-oldrel-windows-x86_64 1.5 5.00 77.00 82.00 NOTE

Check Details

Version: 1.5
Check: DESCRIPTION meta-information
Result: NOTE Missing dependency on R >= 4.1.0 because package code uses the pipe |> or function shorthand \(...) syntax added in R 4.1.0. File(s) using such syntax: ‘gld_read_lattes_zip.R’ Flavors: r-devel-linux-x86_64-debian-clang, r-devel-linux-x86_64-debian-gcc, r-devel-linux-x86_64-fedora-clang, r-devel-linux-x86_64-fedora-gcc, r-devel-windows-x86_64, r-patched-linux-x86_64, r-release-linux-x86_64, r-release-macos-arm64, r-release-macos-x86_64, r-release-windows-x86_64

Version: 1.5
Check: installed package size
Result: NOTE installed size is 5.1Mb sub-directories of 1Mb or more: extdata 4.9Mb Flavors: r-oldrel-macos-arm64, r-oldrel-macos-x86_64, r-oldrel-windows-x86_64