CRAN Package Check Results for Package GetQuandlData

Last updated on 2025-11-19 01:48:49 CET.

Flavor Version Tinstall Tcheck Ttotal Status Flags
r-devel-linux-x86_64-debian-clang 1.0.0 1.59 25.52 27.11 NOTE
r-devel-linux-x86_64-debian-gcc 1.0.0 1.39 21.36 22.75 NOTE
r-devel-linux-x86_64-fedora-clang 1.0.0 41.93 OK
r-devel-linux-x86_64-fedora-gcc 1.0.0 53.47 OK
r-devel-windows-x86_64 1.0.0 5.00 43.00 48.00 OK
r-patched-linux-x86_64 1.0.0 2.01 23.93 25.94 OK
r-release-linux-x86_64 1.0.0 1.82 24.03 25.85 OK
r-release-macos-arm64 1.0.0 1.00 23.00 24.00 OK
r-release-macos-x86_64 1.0.0 2.00 38.00 40.00 OK
r-release-windows-x86_64 1.0.0 4.00 49.00 53.00 OK
r-oldrel-macos-arm64 1.0.0 1.00 23.00 24.00 OK
r-oldrel-macos-x86_64 1.0.0 1.00 31.00 32.00 OK
r-oldrel-windows-x86_64 1.0.0 4.00 50.00 54.00 OK

Check Details

Version: 1.0.0
Check: CRAN incoming feasibility
Result: NOTE Maintainer: ‘Marcelo S. Perlin <marceloperlin@gmail.com>’ No Authors@R field in DESCRIPTION. Please add one, modifying Authors@R: person(given = c("Marcelo", "S."), family = "Perlin", role = c("aut", "cre"), email = "marceloperlin@gmail.com") as necessary. Flavors: r-devel-linux-x86_64-debian-clang, r-devel-linux-x86_64-debian-gcc