Last updated on 2024-07-27 01:53:12 CEST.
Flavor | Version | Tinstall | Tcheck | Ttotal | Status | Flags |
---|---|---|---|---|---|---|
r-devel-linux-x86_64-debian-clang | 1.0.0 | 5.25 | 48.49 | 53.74 | NOTE | |
r-devel-linux-x86_64-debian-gcc | 1.0.0 | 3.89 | 37.43 | 41.32 | NOTE | |
r-devel-linux-x86_64-fedora-clang | 1.0.0 | 68.66 | NOTE | |||
r-devel-linux-x86_64-fedora-gcc | 1.0.0 | 77.69 | NOTE | |||
r-devel-windows-x86_64 | 1.0.0 | 7.00 | 58.00 | 65.00 | NOTE | |
r-patched-linux-x86_64 | 1.0.0 | NOTE | ||||
r-release-linux-x86_64 | 1.0.0 | 2.92 | 48.46 | 51.38 | NOTE | |
r-release-macos-arm64 | 1.0.0 | 31.00 | OK | |||
r-release-macos-x86_64 | 1.0.0 | 47.00 | OK | |||
r-release-windows-x86_64 | 1.0.0 | 5.00 | 57.00 | 62.00 | NOTE | |
r-oldrel-macos-arm64 | 1.0.0 | 37.00 | OK | |||
r-oldrel-macos-x86_64 | 1.0.0 | 70.00 | OK | |||
r-oldrel-windows-x86_64 | 1.0.0 | 7.00 | 62.00 | 69.00 | OK |
Version: 1.0.0
Check: HTML version of manual
Result: NOTE
Found the following HTML validation problems:
sample_income_data.html:37:1 (sample_income_data.Rd:8): Warning: trimming empty <h4>
Flavors: r-devel-linux-x86_64-debian-clang, r-devel-linux-x86_64-debian-gcc, r-devel-linux-x86_64-fedora-clang, r-devel-linux-x86_64-fedora-gcc, r-devel-windows-x86_64, r-patched-linux-x86_64, r-release-linux-x86_64, r-release-windows-x86_64