Last updated on 2025-05-24 01:51:22 CEST.
Flavor | Version | Tinstall | Tcheck | Ttotal | Status | Flags |
---|---|---|---|---|---|---|
r-devel-linux-x86_64-debian-clang | 1.0.1 | 1.64 | 33.51 | 35.15 | NOTE | |
r-devel-linux-x86_64-debian-gcc | 1.0.1 | 1.55 | 24.71 | 26.26 | NOTE | |
r-devel-linux-x86_64-fedora-clang | 1.0.1 | 57.41 | OK | |||
r-devel-linux-x86_64-fedora-gcc | 1.0.1 | 59.86 | OK | |||
r-devel-windows-x86_64 | 1.0.1 | 3.00 | 49.00 | 52.00 | OK | |
r-patched-linux-x86_64 | 1.0.1 | 1.97 | 32.53 | 34.50 | OK | |
r-release-linux-x86_64 | 1.0.1 | 1.70 | 32.17 | 33.87 | OK | |
r-release-macos-arm64 | 1.0.1 | 17.00 | OK | |||
r-release-macos-x86_64 | 1.0.1 | 33.00 | OK | |||
r-release-windows-x86_64 | 1.0.1 | 3.00 | 49.00 | 52.00 | OK | |
r-oldrel-macos-arm64 | 1.0.1 | 17.00 | OK | |||
r-oldrel-macos-x86_64 | 1.0.1 | 28.00 | OK | |||
r-oldrel-windows-x86_64 | 1.0.1 | 2.00 | 49.00 | 51.00 | OK |
Version: 1.0.1
Check: CRAN incoming feasibility
Result: NOTE
Maintainer: ‘Zhigen Zhao <zhaozhg@temple.edu>’
No Authors@R field in DESCRIPTION.
Please add one, modifying
Authors@R: person(given = "Zhigen",
family = "Zhao",
role = c("aut", "cre"),
email = "zhaozhg@temple.edu")
as necessary.
Flavors: r-devel-linux-x86_64-debian-clang, r-devel-linux-x86_64-debian-gcc