CRAN Package Check Results for Package GroupTest

Last updated on 2025-07-22 01:49:19 CEST.

Flavor Version Tinstall Tcheck Ttotal Status Flags
r-devel-linux-x86_64-debian-clang 1.0.1 1.80 34.39 36.19 NOTE
r-devel-linux-x86_64-debian-gcc 1.0.1 1.44 25.91 27.35 NOTE
r-devel-linux-x86_64-fedora-clang 1.0.1 56.58 OK
r-devel-linux-x86_64-fedora-gcc 1.0.1 54.63 OK
r-devel-windows-x86_64 1.0.1 3.00 47.00 50.00 OK
r-patched-linux-x86_64 1.0.1 1.86 31.88 33.74 OK
r-release-linux-x86_64 1.0.1 1.82 33.07 34.89 OK
r-release-macos-arm64 1.0.1 17.00 OK
r-release-macos-x86_64 1.0.1 33.00 OK
r-release-windows-x86_64 1.0.1 3.00 49.00 52.00 OK
r-oldrel-macos-arm64 1.0.1 17.00 OK
r-oldrel-macos-x86_64 1.0.1 28.00 OK
r-oldrel-windows-x86_64 1.0.1 2.00 49.00 51.00 OK

Check Details

Version: 1.0.1
Check: CRAN incoming feasibility
Result: NOTE Maintainer: ‘Zhigen Zhao <zhaozhg@temple.edu>’ No Authors@R field in DESCRIPTION. Please add one, modifying Authors@R: person(given = "Zhigen", family = "Zhao", role = c("aut", "cre"), email = "zhaozhg@temple.edu") as necessary. Flavors: r-devel-linux-x86_64-debian-clang, r-devel-linux-x86_64-debian-gcc