CRAN Package Check Results for Package HGSL

Last updated on 2025-05-07 01:49:59 CEST.

Flavor Version Tinstall Tcheck Ttotal Status Flags
r-devel-linux-x86_64-debian-clang 1.0.0 1.65 16.22 17.87 NOTE
r-devel-linux-x86_64-debian-gcc 1.0.0 1.32 13.96 15.28 NOTE
r-devel-linux-x86_64-fedora-clang 1.0.0 27.83 OK
r-devel-linux-x86_64-fedora-gcc 1.0.0 26.85 OK
r-devel-windows-x86_64 1.0.0 2.00 33.00 35.00 OK
r-patched-linux-x86_64 1.0.0 1.61 15.61 17.22 OK
r-release-linux-x86_64 1.0.0 1.26 15.65 16.91 OK
r-release-macos-arm64 1.0.0 13.00 OK
r-release-macos-x86_64 1.0.0 23.00 OK
r-release-windows-x86_64 1.0.0 3.00 34.00 37.00 OK
r-oldrel-macos-arm64 1.0.0 13.00 NOTE
r-oldrel-macos-x86_64 1.0.0 19.00 NOTE
r-oldrel-windows-x86_64 1.0.0 2.00 34.00 36.00 NOTE

Check Details

Version: 1.0.0
Check: CRAN incoming feasibility
Result: NOTE Maintainer: ‘Yongjian Kang <yongjiak@usc.edu>’ The Description field contains (2018)<arXiv:1606.03803>. Please refer to arXiv e-prints via their arXiv DOI <doi:10.48550/arXiv.YYMM.NNNNN>. Flavors: r-devel-linux-x86_64-debian-clang, r-devel-linux-x86_64-debian-gcc

Version: 1.0.0
Check: LazyData
Result: NOTE 'LazyData' is specified without a 'data' directory Flavors: r-oldrel-macos-arm64, r-oldrel-macos-x86_64, r-oldrel-windows-x86_64