Last updated on 2024-07-27 01:53:13 CEST.
Flavor | Version | Tinstall | Tcheck | Ttotal | Status | Flags |
---|---|---|---|---|---|---|
r-devel-linux-x86_64-debian-clang | 2.0.1 | 11.18 | 118.18 | 129.36 | OK | |
r-devel-linux-x86_64-debian-gcc | 2.0.1 | 10.05 | 87.29 | 97.34 | OK | |
r-devel-linux-x86_64-fedora-clang | 2.0.1 | 164.94 | NOTE | |||
r-devel-linux-x86_64-fedora-gcc | 2.0.1 | 166.86 | OK | |||
r-devel-windows-x86_64 | 2.0.1 | 13.00 | 117.00 | 130.00 | OK | |
r-patched-linux-x86_64 | 2.0.1 | OK | ||||
r-release-linux-x86_64 | 2.0.1 | 8.92 | 110.48 | 119.40 | OK | |
r-release-macos-arm64 | 2.0.1 | 51.00 | OK | |||
r-release-macos-x86_64 | 2.0.1 | 80.00 | OK | |||
r-release-windows-x86_64 | 2.0.1 | 12.00 | 121.00 | 133.00 | OK | |
r-oldrel-macos-arm64 | 2.0.1 | 64.00 | OK | |||
r-oldrel-macos-x86_64 | 2.0.1 | 91.00 | OK | |||
r-oldrel-windows-x86_64 | 2.0.1 | 16.00 | 137.00 | 153.00 | OK |
Version: 2.0.1
Check: Rd cross-references
Result: NOTE
Undeclared package ‘genalg’ in Rd xrefs
Flavor: r-devel-linux-x86_64-fedora-clang