Last updated on 2024-07-27 01:53:13 CEST.
Flavor | Version | Tinstall | Tcheck | Ttotal | Status | Flags |
---|---|---|---|---|---|---|
r-devel-linux-x86_64-debian-clang | 0.9-1 | 2.85 | 68.73 | 71.58 | OK | |
r-devel-linux-x86_64-debian-gcc | 0.9-1 | 2.55 | 53.09 | 55.64 | OK | |
r-devel-linux-x86_64-fedora-clang | 0.9-1 | 89.87 | NOTE | |||
r-devel-linux-x86_64-fedora-gcc | 0.9-1 | 99.78 | OK | |||
r-devel-windows-x86_64 | 0.9-1 | 5.00 | 86.00 | 91.00 | OK | |
r-patched-linux-x86_64 | 0.9-1 | OK | ||||
r-release-linux-x86_64 | 0.9-1 | 2.75 | 67.34 | 70.09 | OK | |
r-release-macos-arm64 | 0.9-1 | 33.00 | OK | |||
r-release-macos-x86_64 | 0.9-1 | 51.00 | OK | |||
r-release-windows-x86_64 | 0.9-1 | 5.00 | 86.00 | 91.00 | OK | |
r-oldrel-macos-arm64 | 0.9-1 | 50.00 | OK | |||
r-oldrel-macos-x86_64 | 0.9-1 | 100.00 | OK | |||
r-oldrel-windows-x86_64 | 0.9-1 | 5.00 | 101.00 | 106.00 | OK |
Version: 0.9-1
Check: Rd cross-references
Result: NOTE
Undeclared packages ‘Guerry’, ‘alr4’, ‘agridat’, ‘coin’ in Rd xrefs
Flavor: r-devel-linux-x86_64-fedora-clang