Last updated on 2025-11-20 02:49:16 CET.
| Flavor | Version | Tinstall | Tcheck | Ttotal | Status | Flags |
|---|---|---|---|---|---|---|
| r-devel-linux-x86_64-debian-clang | 1.0.0 | 9.34 | 83.42 | 92.76 | NOTE | |
| r-devel-linux-x86_64-debian-gcc | 1.0.0 | 6.83 | 59.69 | 66.52 | NOTE | |
| r-devel-linux-x86_64-fedora-clang | 1.0.0 | 24.00 | 118.14 | 142.14 | OK | |
| r-devel-linux-x86_64-fedora-gcc | 1.0.0 | 29.00 | 101.84 | 130.84 | OK | |
| r-devel-windows-x86_64 | 1.0.0 | 14.00 | 99.00 | 113.00 | OK | |
| r-patched-linux-x86_64 | 1.0.0 | 10.82 | 78.68 | 89.50 | OK | |
| r-release-linux-x86_64 | 1.0.0 | 9.45 | 78.52 | 87.97 | OK | |
| r-release-macos-arm64 | 1.0.0 | OK | ||||
| r-release-macos-x86_64 | 1.0.0 | 7.00 | 59.00 | 66.00 | OK | |
| r-release-windows-x86_64 | 1.0.0 | 11.00 | 102.00 | 113.00 | OK | |
| r-oldrel-macos-arm64 | 1.0.0 | OK | ||||
| r-oldrel-macos-x86_64 | 1.0.0 | 6.00 | 50.00 | 56.00 | OK | |
| r-oldrel-windows-x86_64 | 1.0.0 | 15.00 | 124.00 | 139.00 | OK |
Version: 1.0.0
Check: CRAN incoming feasibility
Result: NOTE
Maintainer: ‘David J. Marchette <dmarchette@gmail.com>’
No Authors@R field in DESCRIPTION.
Please add one, modifying
Authors@R: person(given = c("David", "J."),
family = "Marchette",
role = c("aut", "cre"),
email = "dmarchette@gmail.com")
as necessary.
Flavors: r-devel-linux-x86_64-debian-clang, r-devel-linux-x86_64-debian-gcc