Last updated on 2025-05-18 01:50:30 CEST.
Flavor | Version | Tinstall | Tcheck | Ttotal | Status | Flags |
---|---|---|---|---|---|---|
r-devel-linux-x86_64-debian-clang | 0.1.3 | 6.09 | 54.22 | 60.31 | NOTE | |
r-devel-linux-x86_64-debian-gcc | 0.1.3 | 4.96 | 40.35 | 45.31 | NOTE | |
r-devel-linux-x86_64-fedora-clang | 0.1.3 | 93.41 | OK | |||
r-devel-linux-x86_64-fedora-gcc | 0.1.3 | 89.15 | OK | |||
r-devel-windows-x86_64 | 0.1.3 | 8.00 | 70.00 | 78.00 | OK | |
r-patched-linux-x86_64 | 0.1.3 | 5.84 | 52.47 | 58.31 | OK | |
r-release-linux-x86_64 | 0.1.3 | 5.69 | 52.20 | 57.89 | OK | |
r-release-macos-arm64 | 0.1.3 | 31.00 | OK | |||
r-release-macos-x86_64 | 0.1.3 | 50.00 | OK | |||
r-release-windows-x86_64 | 0.1.3 | 7.00 | 76.00 | 83.00 | OK | |
r-oldrel-macos-arm64 | 0.1.3 | 29.00 | OK | |||
r-oldrel-macos-x86_64 | 0.1.3 | 51.00 | OK | |||
r-oldrel-windows-x86_64 | 0.1.3 | 9.00 | 82.00 | 91.00 | OK |
Version: 0.1.3
Check: CRAN incoming feasibility
Result: NOTE
Maintainer: ‘Ran Zhao <Zhaoran@mail.sdu.edu.cn>’
The Description field contains
in He et al. (2023) <arXiv:2301.00360>.
Please refer to arXiv e-prints via their arXiv DOI <doi:10.48550/arXiv.YYMM.NNNNN>.
Flavors: r-devel-linux-x86_64-debian-clang, r-devel-linux-x86_64-debian-gcc