Last updated on 2025-05-07 01:49:59 CEST.
Flavor | Version | Tinstall | Tcheck | Ttotal | Status | Flags |
---|---|---|---|---|---|---|
r-devel-linux-x86_64-debian-clang | 1.1.1 | 2.22 | 22.05 | 24.27 | NOTE | |
r-devel-linux-x86_64-debian-gcc | 1.1.1 | 1.70 | 17.75 | 19.45 | NOTE | |
r-devel-linux-x86_64-fedora-clang | 1.1.1 | 37.81 | OK | |||
r-devel-linux-x86_64-fedora-gcc | 1.1.1 | 36.12 | OK | |||
r-devel-windows-x86_64 | 1.1.1 | 3.00 | 41.00 | 44.00 | OK | |
r-patched-linux-x86_64 | 1.1.1 | 2.03 | 21.62 | 23.65 | OK | |
r-release-linux-x86_64 | 1.1.1 | 2.04 | 21.13 | 23.17 | OK | |
r-release-macos-arm64 | 1.1.1 | 16.00 | OK | |||
r-release-macos-x86_64 | 1.1.1 | 27.00 | OK | |||
r-release-windows-x86_64 | 1.1.1 | 3.00 | 43.00 | 46.00 | OK | |
r-oldrel-macos-arm64 | 1.1.1 | 17.00 | OK | |||
r-oldrel-macos-x86_64 | 1.1.1 | 23.00 | OK | |||
r-oldrel-windows-x86_64 | 1.1.1 | 3.00 | 41.00 | 44.00 | OK |
Version: 1.1.1
Check: CRAN incoming feasibility
Result: NOTE
Maintainer: ‘Satoshi Takahashi <takahasi@lisboa.ics.nara-wu.ac.jp>’
No Authors@R field in DESCRIPTION.
Please add one, modifying
Authors@R: person(given = "Satoshi",
family = "Takahashi",
role = c("aut", "cre"),
email = "takahasi@lisboa.ics.nara-wu.ac.jp")
as necessary.
Flavors: r-devel-linux-x86_64-debian-clang, r-devel-linux-x86_64-debian-gcc