Last updated on 2024-07-27 01:53:13 CEST.
Flavor | Version | Tinstall | Tcheck | Ttotal | Status | Flags |
---|---|---|---|---|---|---|
r-devel-linux-x86_64-debian-clang | 1.0.0 | 20.62 | 119.04 | 139.66 | OK | |
r-devel-linux-x86_64-debian-gcc | 1.0.0 | 17.36 | 90.90 | 108.26 | OK | |
r-devel-linux-x86_64-fedora-clang | 1.0.0 | 191.28 | OK | |||
r-devel-linux-x86_64-fedora-gcc | 1.0.0 | 197.39 | OK | |||
r-devel-windows-x86_64 | 1.0.0 | 23.00 | 188.00 | 211.00 | OK | |
r-patched-linux-x86_64 | 1.0.0 | OK | ||||
r-release-linux-x86_64 | 1.0.0 | 13.96 | 112.05 | 126.01 | OK | |
r-release-macos-arm64 | 1.0.0 | 81.00 | NOTE | |||
r-release-macos-x86_64 | 1.0.0 | 108.00 | NOTE | |||
r-release-windows-x86_64 | 1.0.0 | 26.00 | 184.00 | 210.00 | OK | |
r-oldrel-macos-arm64 | 1.0.0 | 82.00 | NOTE | |||
r-oldrel-macos-x86_64 | 1.0.0 | 155.00 | NOTE | |||
r-oldrel-windows-x86_64 | 1.0.0 | 29.00 | 203.00 | 232.00 | NOTE |
Version: 1.0.0
Check: installed package size
Result: NOTE
installed size is 5.0Mb
sub-directories of 1Mb or more:
data 2.1Mb
doc 1.6Mb
Flavors: r-release-macos-arm64, r-release-macos-x86_64, r-oldrel-macos-arm64, r-oldrel-macos-x86_64, r-oldrel-windows-x86_64