Last updated on 2025-05-05 01:50:49 CEST.
Flavor | Version | Tinstall | Tcheck | Ttotal | Status | Flags |
---|---|---|---|---|---|---|
r-devel-linux-x86_64-debian-clang | 1.0 | 2.10 | 19.28 | 21.38 | NOTE | |
r-devel-linux-x86_64-debian-gcc | 1.0 | 1.54 | 15.65 | 17.19 | NOTE | |
r-devel-linux-x86_64-fedora-clang | 1.0 | 33.46 | OK | |||
r-devel-linux-x86_64-fedora-gcc | 1.0 | 31.70 | OK | |||
r-devel-windows-x86_64 | 1.0 | 3.00 | 39.00 | 42.00 | OK | |
r-patched-linux-x86_64 | 1.0 | 1.70 | 18.42 | 20.12 | OK | |
r-release-linux-x86_64 | 1.0 | 1.85 | 18.48 | 20.33 | OK | |
r-release-macos-arm64 | 1.0 | 14.00 | OK | |||
r-release-macos-x86_64 | 1.0 | 23.00 | OK | |||
r-release-windows-x86_64 | 1.0 | 3.00 | 40.00 | 43.00 | OK | |
r-oldrel-macos-arm64 | 1.0 | 14.00 | NOTE | |||
r-oldrel-macos-x86_64 | 1.0 | 22.00 | NOTE | |||
r-oldrel-windows-x86_64 | 1.0 | 2.00 | 38.00 | 40.00 | NOTE |
Version: 1.0
Check: CRAN incoming feasibility
Result: NOTE
Maintainer: ‘Olga Savchuk <olga.y.savchuk@gmail.com>’
No Authors@R field in DESCRIPTION.
Please add one, modifying
Authors@R: person(given = "Olga",
family = "Savchuk",
role = c("aut", "cre"),
email = "olga.y.savchuk@gmail.com")
as necessary.
Flavors: r-devel-linux-x86_64-debian-clang, r-devel-linux-x86_64-debian-gcc
Version: 1.0
Check: LazyData
Result: NOTE
'LazyData' is specified without a 'data' directory
Flavors: r-oldrel-macos-arm64, r-oldrel-macos-x86_64, r-oldrel-windows-x86_64