Last updated on 2025-11-19 01:48:51 CET.
| Flavor | Version | Tinstall | Tcheck | Ttotal | Status | Flags |
|---|---|---|---|---|---|---|
| r-devel-linux-x86_64-debian-clang | 0.1.0 | 17.44 | 128.71 | 146.15 | OK | |
| r-devel-linux-x86_64-debian-gcc | 0.1.0 | 11.31 | 90.51 | 101.82 | OK | |
| r-devel-linux-x86_64-fedora-clang | 0.1.1 | 66.00 | 168.28 | 234.28 | OK | |
| r-devel-linux-x86_64-fedora-gcc | 0.1.1 | 33.00 | 199.74 | 232.74 | OK | |
| r-devel-windows-x86_64 | 0.1.0 | 20.00 | 124.00 | 144.00 | OK | |
| r-patched-linux-x86_64 | 0.1.0 | 14.60 | 120.43 | 135.03 | OK | |
| r-release-linux-x86_64 | 0.1.0 | 15.40 | 120.51 | 135.91 | OK | |
| r-release-macos-arm64 | 0.1.0 | 7.00 | 64.00 | 71.00 | OK | |
| r-release-macos-x86_64 | 0.1.1 | 16.00 | 112.00 | 128.00 | OK | |
| r-release-windows-x86_64 | 0.1.0 | 19.00 | 123.00 | 142.00 | OK | |
| r-oldrel-macos-arm64 | 0.1.0 | 7.00 | 57.00 | 64.00 | NOTE | |
| r-oldrel-macos-x86_64 | 0.1.1 | 17.00 | 121.00 | 138.00 | OK | |
| r-oldrel-windows-x86_64 | 0.1.0 | 25.00 | 160.00 | 185.00 | OK |
Version: 0.1.0
Check: installed package size
Result: NOTE
installed size is 5.2Mb
sub-directories of 1Mb or more:
data 5.0Mb
Flavor: r-oldrel-macos-arm64