Last updated on 2024-07-27 01:53:14 CEST.
Flavor | Version | Tinstall | Tcheck | Ttotal | Status | Flags |
---|---|---|---|---|---|---|
r-devel-linux-x86_64-debian-clang | 0.1-12 | 5.78 | 58.54 | 64.32 | NOTE | |
r-devel-linux-x86_64-debian-gcc | 0.1-12 | 5.06 | 45.08 | 50.14 | NOTE | |
r-devel-linux-x86_64-fedora-clang | 0.1-12 | 82.66 | OK | |||
r-devel-linux-x86_64-fedora-gcc | 0.1-12 | 89.08 | OK | |||
r-devel-windows-x86_64 | 0.1-12 | 7.00 | 64.00 | 71.00 | OK | |
r-patched-linux-x86_64 | 0.1-12 | NOTE | ||||
r-release-linux-x86_64 | 0.1-12 | 6.56 | 57.12 | 63.68 | NOTE | |
r-release-macos-arm64 | 0.1-12 | 26.00 | NOTE | |||
r-release-macos-x86_64 | 0.1-12 | 37.00 | NOTE | |||
r-release-windows-x86_64 | 0.1-12 | 7.00 | 65.00 | 72.00 | OK | |
r-oldrel-macos-arm64 | 0.1-12 | 36.00 | NOTE | |||
r-oldrel-macos-x86_64 | 0.1-12 | 101.00 | NOTE | |||
r-oldrel-windows-x86_64 | 0.1-12 | 8.00 | 71.00 | 79.00 | NOTE |
Version: 0.1-12
Check: package dependencies
Result: NOTE
Package suggested but not available for checking: ‘INLA’
Flavors: r-devel-linux-x86_64-debian-clang, r-devel-linux-x86_64-debian-gcc, r-patched-linux-x86_64, r-release-linux-x86_64, r-release-macos-arm64, r-release-macos-x86_64, r-oldrel-macos-arm64, r-oldrel-macos-x86_64, r-oldrel-windows-x86_64