Last updated on 2024-07-27 01:53:14 CEST.
Flavor | Version | Tinstall | Tcheck | Ttotal | Status | Flags |
---|---|---|---|---|---|---|
r-devel-linux-x86_64-debian-clang | 0.1.0 | 44.09 | 248.65 | 292.74 | NOTE | |
r-devel-linux-x86_64-debian-gcc | 0.1.0 | 31.09 | 181.27 | 212.36 | NOTE | |
r-devel-linux-x86_64-fedora-clang | 0.1.0 | 381.86 | NOTE | |||
r-devel-linux-x86_64-fedora-gcc | 0.1.0 | 340.94 | NOTE | |||
r-devel-windows-x86_64 | 0.1.0 | 27.00 | 166.00 | 193.00 | NOTE | |
r-patched-linux-x86_64 | 0.1.0 | NOTE | ||||
r-release-linux-x86_64 | 0.1.0 | 29.47 | 235.67 | 265.14 | NOTE | |
r-release-macos-arm64 | 0.1.0 | 88.00 | NOTE | |||
r-release-macos-x86_64 | 0.1.0 | 120.00 | NOTE | |||
r-release-windows-x86_64 | 0.1.0 | 27.00 | 165.00 | 192.00 | NOTE | |
r-oldrel-macos-arm64 | 0.1.0 | 84.00 | NOTE | |||
r-oldrel-macos-x86_64 | 0.1.0 | 149.00 | NOTE | |||
r-oldrel-windows-x86_64 | 0.1.0 | 38.00 | 214.00 | 252.00 | NOTE |
Version: 0.1.0
Check: package subdirectories
Result: NOTE
Problems with news in ‘NEWS.md’:
Cannot extract version info from the following section titles:
INSPECTumours (development version)
Flavors: r-devel-linux-x86_64-debian-clang, r-devel-linux-x86_64-debian-gcc, r-devel-linux-x86_64-fedora-clang, r-devel-linux-x86_64-fedora-gcc, r-devel-windows-x86_64, r-patched-linux-x86_64, r-release-linux-x86_64, r-release-macos-arm64, r-release-macos-x86_64, r-release-windows-x86_64, r-oldrel-macos-arm64, r-oldrel-macos-x86_64, r-oldrel-windows-x86_64
Version: 0.1.0
Check: package dependencies
Result: NOTE
Imports includes 25 non-default packages.
Importing from so many packages makes the package vulnerable to any of
them becoming unavailable. Move as many as possible to Suggests and
use conditionally.
Flavor: r-devel-linux-x86_64-fedora-clang