Last updated on 2024-07-27 01:53:14 CEST.
Flavor | Version | Tinstall | Tcheck | Ttotal | Status | Flags |
---|---|---|---|---|---|---|
r-devel-linux-x86_64-debian-clang | 1.4.0 | 11.47 | 96.64 | 108.11 | OK | |
r-devel-linux-x86_64-debian-gcc | 1.4.0 | 9.45 | 71.04 | 80.49 | NOTE | |
r-devel-linux-x86_64-fedora-clang | 1.4.0 | 139.16 | OK | |||
r-devel-linux-x86_64-fedora-gcc | 1.4.0 | 128.81 | OK | |||
r-devel-windows-x86_64 | 1.4.0 | 12.00 | 90.00 | 102.00 | NOTE | |
r-patched-linux-x86_64 | 1.4.0 | OK | ||||
r-release-linux-x86_64 | 1.4.0 | 7.58 | 93.71 | 101.29 | OK | |
r-release-macos-arm64 | 1.4.0 | 39.00 | OK | |||
r-release-macos-x86_64 | 1.4.0 | 60.00 | OK | |||
r-release-windows-x86_64 | 1.4.0 | 12.00 | 91.00 | 103.00 | OK | |
r-oldrel-macos-arm64 | 1.4.0 | 44.00 | OK | |||
r-oldrel-macos-x86_64 | 1.4.0 | 66.00 | OK | |||
r-oldrel-windows-x86_64 | 1.4.0 | 15.00 | 107.00 | 122.00 | OK |
Version: 1.4.0
Check: Rd cross-references
Result: NOTE
Found the following Rd file(s) with Rd \link{} targets missing package
anchors:
csmf.diag.Rd: heidel.diag, gelman.diag
Please provide package anchors for all Rd \link{} targets not in the
package itself and the base packages.
Flavors: r-devel-linux-x86_64-debian-gcc, r-devel-windows-x86_64