CRAN Package Check Results for Package IntervalSurgeon

Last updated on 2025-11-19 01:48:51 CET.

Flavor Version Tinstall Tcheck Ttotal Status Flags
r-devel-linux-x86_64-debian-clang 1.3 11.66 30.58 42.24 NOTE
r-devel-linux-x86_64-debian-gcc 1.3 7.55 24.84 32.39 NOTE
r-devel-linux-x86_64-fedora-clang 1.3 28.00 40.51 68.51 OK
r-devel-linux-x86_64-fedora-gcc 1.3 60.00 23.24 83.24 OK
r-devel-windows-x86_64 1.3 19.00 66.00 85.00 OK
r-patched-linux-x86_64 1.3 10.51 29.29 39.80 OK
r-release-linux-x86_64 1.3 11.20 29.32 40.52 OK
r-release-macos-arm64 1.3 5.00 26.00 31.00 OK
r-release-macos-x86_64 1.3 8.00 53.00 61.00 OK
r-release-windows-x86_64 1.3 15.00 65.00 80.00 OK
r-oldrel-macos-arm64 1.3 6.00 23.00 29.00 OK
r-oldrel-macos-x86_64 1.3 10.00 36.00 46.00 OK
r-oldrel-windows-x86_64 1.3 18.00 78.00 96.00 OK

Check Details

Version: 1.3
Check: CRAN incoming feasibility
Result: NOTE Maintainer: ‘Daniel Greene <dg333@cam.ac.uk>’ No Authors@R field in DESCRIPTION. Please add one, modifying Authors@R: person(given = "Daniel", family = "Greene", role = c("aut", "cre"), email = "dg333@cam.ac.uk") as necessary. Flavors: r-devel-linux-x86_64-debian-clang, r-devel-linux-x86_64-debian-gcc