Last updated on 2025-05-04 02:50:08 CEST.
Flavor | Version | Tinstall | Tcheck | Ttotal | Status | Flags |
---|---|---|---|---|---|---|
r-devel-linux-x86_64-debian-clang | 0.1.1 | 7.16 | 57.40 | 64.56 | NOTE | |
r-devel-linux-x86_64-debian-gcc | 0.1.1 | 5.00 | 41.27 | 46.27 | NOTE | |
r-devel-linux-x86_64-fedora-clang | 0.1.1 | 91.83 | NOTE | |||
r-devel-linux-x86_64-fedora-gcc | 0.1.1 | 101.15 | NOTE | |||
r-devel-windows-x86_64 | 0.1.1 | 8.00 | 79.00 | 87.00 | NOTE | |
r-patched-linux-x86_64 | 0.1.1 | 5.87 | 52.99 | 58.86 | NOTE | |
r-release-linux-x86_64 | NOTE | |||||
r-release-macos-arm64 | 0.1.1 | 30.00 | NOTE | |||
r-release-macos-x86_64 | 0.1.1 | 48.00 | NOTE | |||
r-release-windows-x86_64 | 0.1.1 | 9.00 | 71.00 | 80.00 | NOTE | |
r-oldrel-macos-arm64 | 0.1.1 | 28.00 | OK | |||
r-oldrel-macos-x86_64 | 0.1.1 | 42.00 | OK | |||
r-oldrel-windows-x86_64 | 0.1.1 | 12.00 | 84.00 | 96.00 | OK |
Version: 0.1.1
Check: DESCRIPTION meta-information
Result: NOTE
Missing dependency on R >= 4.1.0 because package code uses the pipe
|> or function shorthand \(...) syntax added in R 4.1.0.
File(s) using such syntax:
‘chain-simulation.R’
Flavors: r-devel-linux-x86_64-debian-clang, r-devel-linux-x86_64-debian-gcc, r-devel-linux-x86_64-fedora-clang, r-devel-linux-x86_64-fedora-gcc, r-devel-windows-x86_64, r-patched-linux-x86_64, r-release-linux-x86_64, r-release-macos-arm64, r-release-macos-x86_64, r-release-windows-x86_64