Last updated on 2024-07-27 01:53:14 CEST.
Flavor | Version | Tinstall | Tcheck | Ttotal | Status | Flags |
---|---|---|---|---|---|---|
r-devel-linux-x86_64-debian-clang | 0.1.1 | 3.63 | 150.05 | 153.68 | OK | |
r-devel-linux-x86_64-debian-gcc | 0.1.1 | 2.54 | 106.09 | 108.63 | OK | |
r-devel-linux-x86_64-fedora-clang | 0.1.1 | 191.23 | NOTE | |||
r-devel-linux-x86_64-fedora-gcc | 0.1.1 | 193.02 | NOTE | |||
r-devel-windows-x86_64 | 0.1.1 | 5.00 | 133.00 | 138.00 | OK | |
r-patched-linux-x86_64 | 0.1.1 | OK | ||||
r-release-linux-x86_64 | 0.1.1 | 2.84 | 141.37 | 144.21 | OK | |
r-release-macos-arm64 | 0.1.1 | 53.00 | OK | |||
r-release-macos-x86_64 | 0.1.1 | 81.00 | OK | |||
r-release-windows-x86_64 | 0.1.1 | 5.00 | 140.00 | 145.00 | OK | |
r-oldrel-macos-arm64 | 0.1.1 | 61.00 | OK | |||
r-oldrel-macos-x86_64 | 0.1.1 | 81.00 | OK | |||
r-oldrel-windows-x86_64 | 0.1.1 | 6.00 | 165.00 | 171.00 | OK |
Version: 0.1.1
Check: dependencies in R code
Result: NOTE
Namespaces in Imports field not imported from:
‘Superpower’ ‘pwr’ ‘shinydashboard’
All declared Imports should be used.
Flavors: r-devel-linux-x86_64-fedora-clang, r-devel-linux-x86_64-fedora-gcc