CRAN Package Check Results for Package Kcop

Last updated on 2025-02-19 01:50:52 CET.

Flavor Version Tinstall Tcheck Ttotal Status Flags
r-devel-linux-x86_64-debian-clang 1.0.0 2.21 28.43 30.64 OK
r-devel-linux-x86_64-debian-gcc 1.0.0 1.86 21.76 23.62 OK
r-devel-linux-x86_64-fedora-clang 1.0.0 51.74 NOTE
r-devel-linux-x86_64-fedora-gcc 1.0.0 46.01 NOTE
r-devel-macos-arm64 1.0.0 20.00 OK
r-devel-macos-x86_64 1.0.0 34.00 OK
r-devel-windows-x86_64 1.0.0 4.00 58.00 62.00 OK
r-patched-linux-x86_64 1.0.0 2.13 26.76 28.89 OK
r-release-linux-x86_64 1.0.0 2.12 26.99 29.11 OK
r-release-macos-arm64 1.0.0 18.00 OK
r-release-macos-x86_64 1.0.0 28.00 OK
r-release-windows-x86_64 1.0.0 4.00 53.00 57.00 OK
r-oldrel-macos-arm64 1.0.0 22.00 OK
r-oldrel-macos-x86_64 1.0.0 26.00 OK
r-oldrel-windows-x86_64 1.0.0 4.00 53.00 57.00 OK

Check Details

Version: 1.0.0
Check: dependencies in R code
Result: NOTE Namespace in Imports field not imported from: ‘base’ All declared Imports should be used. Flavors: r-devel-linux-x86_64-fedora-clang, r-devel-linux-x86_64-fedora-gcc