Last updated on 2024-07-27 01:53:14 CEST.
Flavor | Version | Tinstall | Tcheck | Ttotal | Status | Flags |
---|---|---|---|---|---|---|
r-devel-linux-x86_64-debian-clang | 0.3 | 2.35 | 21.26 | 23.61 | OK | |
r-devel-linux-x86_64-debian-gcc | 0.3 | 1.75 | 16.80 | 18.55 | OK | |
r-devel-linux-x86_64-fedora-clang | 0.3 | 30.55 | NOTE | |||
r-devel-linux-x86_64-fedora-gcc | 0.3 | 28.85 | NOTE | |||
r-devel-windows-x86_64 | 0.3 | 3.00 | 41.00 | 44.00 | OK | |
r-patched-linux-x86_64 | 0.3 | OK | ||||
r-release-linux-x86_64 | 0.3 | 1.81 | 21.23 | 23.04 | OK | |
r-release-macos-arm64 | 0.3 | 15.00 | OK | |||
r-release-macos-x86_64 | 0.3 | 20.00 | OK | |||
r-release-windows-x86_64 | 0.3 | 3.00 | 40.00 | 43.00 | OK | |
r-oldrel-macos-arm64 | 0.3 | 18.00 | OK | |||
r-oldrel-macos-x86_64 | 0.3 | 19.00 | OK | |||
r-oldrel-windows-x86_64 | 0.3 | 4.00 | 42.00 | 46.00 | OK |
Version: 0.3
Check: dependencies in R code
Result: NOTE
Namespaces in Imports field not imported from:
‘lme4’ ‘metafor’ ‘nlme’
All declared Imports should be used.
Flavors: r-devel-linux-x86_64-fedora-clang, r-devel-linux-x86_64-fedora-gcc