Last updated on 2025-05-07 01:50:00 CEST.
Flavor | Version | Tinstall | Tcheck | Ttotal | Status | Flags |
---|---|---|---|---|---|---|
r-devel-linux-x86_64-debian-clang | 0.3.0 | 8.71 | 84.40 | 93.11 | NOTE | |
r-devel-linux-x86_64-debian-gcc | 0.3.0 | 6.02 | 65.37 | 71.39 | NOTE | |
r-devel-linux-x86_64-fedora-clang | 0.3.0 | 147.78 | OK | |||
r-devel-linux-x86_64-fedora-gcc | 0.3.0 | 145.18 | OK | |||
r-devel-windows-x86_64 | 0.3.0 | 11.00 | 100.00 | 111.00 | OK | |
r-patched-linux-x86_64 | 0.3.0 | 8.29 | 79.93 | 88.22 | OK | |
r-release-linux-x86_64 | 0.3.0 | 7.34 | 80.63 | 87.97 | OK | |
r-release-macos-arm64 | 0.3.0 | 65.00 | OK | |||
r-release-macos-x86_64 | 0.3.0 | 97.00 | OK | |||
r-release-windows-x86_64 | 0.3.0 | 11.00 | 99.00 | 110.00 | OK | |
r-oldrel-macos-arm64 | 0.3.0 | 58.00 | OK | |||
r-oldrel-macos-x86_64 | 0.3.0 | 92.00 | OK | |||
r-oldrel-windows-x86_64 | 0.3.0 | 13.00 | 120.00 | 133.00 | OK |
Version: 0.3.0
Check: CRAN incoming feasibility
Result: NOTE
Maintainer: ‘Zihuai He <zihuai@stanford.edu>’
No Authors@R field in DESCRIPTION.
Please add one, modifying
Authors@R: person(given = "Zihuai",
family = "He",
role = c("aut", "cre"),
email = "zihuai@stanford.edu")
as necessary.
Flavors: r-devel-linux-x86_64-debian-clang, r-devel-linux-x86_64-debian-gcc