Last updated on 2025-11-13 02:52:23 CET.
| Flavor | Version | Tinstall | Tcheck | Ttotal | Status | Flags |
|---|---|---|---|---|---|---|
| r-devel-linux-x86_64-debian-clang | 2.0.0 | 4.76 | 48.47 | 53.23 | NOTE | |
| r-devel-linux-x86_64-debian-gcc | 2.0.0 | 3.31 | 37.08 | 40.39 | NOTE | |
| r-devel-linux-x86_64-fedora-clang | 2.0.0 | 17.00 | 67.10 | 84.10 | NOTE | |
| r-devel-linux-x86_64-fedora-gcc | 2.0.0 | 18.00 | 76.24 | 94.24 | NOTE | |
| r-devel-windows-x86_64 | 2.0.0 | 7.00 | 68.00 | 75.00 | NOTE | |
| r-patched-linux-x86_64 | 2.0.0 | 4.21 | 43.76 | 47.97 | NOTE | |
| r-release-linux-x86_64 | 2.0.0 | 4.01 | 43.74 | 47.75 | NOTE | |
| r-release-macos-arm64 | 2.0.0 | 3.00 | 56.00 | 59.00 | NOTE | |
| r-release-macos-x86_64 | 2.0.0 | 4.00 | 72.00 | 76.00 | NOTE | |
| r-release-windows-x86_64 | 2.0.0 | 7.00 | 61.00 | 68.00 | NOTE | |
| r-oldrel-macos-arm64 | 2.0.0 | 2.00 | 46.00 | 48.00 | OK | |
| r-oldrel-macos-x86_64 | 2.0.0 | 7.00 | 90.00 | 97.00 | OK | |
| r-oldrel-windows-x86_64 | 2.0.0 | 9.00 | 76.00 | 85.00 | OK |
Version: 2.0.0
Check: DESCRIPTION meta-information
Result: NOTE
Missing dependency on R >= 4.1.0 because package code uses the pipe
|> or function shorthand \(...) syntax added in R 4.1.0.
File(s) using such syntax:
‘Koboconnect.R’ ‘other.R’
Flavors: r-devel-linux-x86_64-debian-clang, r-devel-linux-x86_64-debian-gcc, r-devel-linux-x86_64-fedora-clang, r-devel-linux-x86_64-fedora-gcc, r-devel-windows-x86_64, r-patched-linux-x86_64, r-release-linux-x86_64, r-release-macos-arm64, r-release-macos-x86_64, r-release-windows-x86_64