Last updated on 2025-05-06 02:50:23 CEST.
Flavor | Version | Tinstall | Tcheck | Ttotal | Status | Flags |
---|---|---|---|---|---|---|
r-devel-linux-x86_64-debian-clang | 0.2.0 | 342.07 | 428.37 | 770.44 | NOTE | |
r-devel-linux-x86_64-debian-gcc | 0.2.1 | 301.79 | 260.20 | 561.99 | OK | |
r-devel-linux-x86_64-fedora-clang | 0.2.1 | 1275.00 | NOTE | |||
r-devel-linux-x86_64-fedora-gcc | 0.2.1 | 1595.20 | NOTE | |||
r-devel-windows-x86_64 | 0.2.0 | 350.00 | 414.00 | 764.00 | OK | |
r-patched-linux-x86_64 | 0.2.0 | 396.15 | 428.72 | 824.87 | OK | |
r-release-linux-x86_64 | 0.2.0 | 380.24 | 435.49 | 815.73 | OK | |
r-release-macos-arm64 | 0.2.1 | 203.00 | OK | |||
r-release-macos-x86_64 | 0.2.1 | 517.00 | OK | |||
r-release-windows-x86_64 | 0.2.1 | 257.00 | 365.00 | 622.00 | OK | |
r-oldrel-macos-arm64 | 0.2.1 | 250.00 | NOTE | |||
r-oldrel-macos-x86_64 | 0.2.1 | 633.00 | NOTE | |||
r-oldrel-windows-x86_64 | 0.2.0 | 400.00 | 544.00 | 944.00 | NOTE |
Version: 0.2.0
Check: CRAN incoming feasibility
Result: NOTE
Maintainer: ‘Stephen Martin <stephenSRMMartin@gmail.com>’
The BugReports field in DESCRIPTION has
https://github.com/stephenSRMMartin/LMMELSM
which should likely be
https://github.com/stephenSRMMartin/LMMELSM/issues
instead.
Flavor: r-devel-linux-x86_64-debian-clang
Version: 0.2.1
Check: dependencies in R code
Result: NOTE
Namespaces in Imports field not imported from:
‘RcppParallel’ ‘rstantools’
All declared Imports should be used.
Flavors: r-devel-linux-x86_64-fedora-clang, r-devel-linux-x86_64-fedora-gcc
Version: 0.2.1
Check: installed package size
Result: NOTE
installed size is 99.6Mb
sub-directories of 1Mb or more:
libs 98.6Mb
Flavors: r-oldrel-macos-arm64, r-oldrel-macos-x86_64
Version: 0.2.1
Check: for GNU extensions in Makefiles
Result: NOTE
GNU make is a SystemRequirements.
Flavors: r-oldrel-macos-arm64, r-oldrel-macos-x86_64
Version: 0.2.0
Check: for GNU extensions in Makefiles
Result: NOTE
GNU make is a SystemRequirements.
Flavor: r-oldrel-windows-x86_64