Last updated on 2024-07-27 01:53:15 CEST.
Flavor | Version | Tinstall | Tcheck | Ttotal | Status | Flags |
---|---|---|---|---|---|---|
r-devel-linux-x86_64-debian-clang | 0.2.0 | 448.60 | 562.44 | 1011.04 | NOTE | |
r-devel-linux-x86_64-debian-gcc | 0.2.0 | 359.77 | 410.10 | 769.87 | NOTE | |
r-devel-linux-x86_64-fedora-clang | 0.2.0 | 1201.19 | NOTE | |||
r-devel-linux-x86_64-fedora-gcc | 0.2.0 | 1474.49 | NOTE | |||
r-devel-windows-x86_64 | 0.2.0 | 331.00 | 393.00 | 724.00 | NOTE | |
r-patched-linux-x86_64 | 0.2.0 | ERROR | ||||
r-release-linux-x86_64 | 0.2.0 | 310.83 | 560.53 | 871.36 | NOTE | |
r-release-macos-arm64 | 0.2.0 | 265.00 | NOTE | |||
r-release-macos-x86_64 | 0.2.0 | 390.00 | NOTE | |||
r-release-windows-x86_64 | 0.2.0 | 334.00 | 376.00 | 710.00 | NOTE | |
r-oldrel-macos-arm64 | 0.2.0 | 258.00 | NOTE | |||
r-oldrel-macos-x86_64 | 0.2.0 | 466.00 | NOTE | |||
r-oldrel-windows-x86_64 | 0.2.0 | 435.00 | 509.00 | 944.00 | NOTE |
Version: 0.2.0
Check: for GNU extensions in Makefiles
Result: NOTE
GNU make is a SystemRequirements.
Flavors: r-devel-linux-x86_64-debian-clang, r-devel-linux-x86_64-debian-gcc, r-devel-linux-x86_64-fedora-clang, r-devel-linux-x86_64-fedora-gcc, r-devel-windows-x86_64, r-release-linux-x86_64, r-release-macos-arm64, r-release-macos-x86_64, r-release-windows-x86_64, r-oldrel-macos-arm64, r-oldrel-macos-x86_64, r-oldrel-windows-x86_64
Version: 0.2.0
Check: installed package size
Result: NOTE
installed size is 5.5Mb
sub-directories of 1Mb or more:
libs 4.5Mb
Flavors: r-devel-linux-x86_64-fedora-clang, r-release-macos-arm64, r-release-macos-x86_64, r-oldrel-macos-arm64, r-oldrel-macos-x86_64
Version: 0.2.0
Check: dependencies in R code
Result: NOTE
Namespaces in Imports field not imported from:
‘RcppParallel’ ‘rstantools’
All declared Imports should be used.
Flavors: r-devel-linux-x86_64-fedora-clang, r-devel-linux-x86_64-fedora-gcc
Version: 0.2.0
Check: whether package can be installed
Result: ERROR
Installation failed.
Flavor: r-patched-linux-x86_64