Last updated on 2024-07-27 01:53:15 CEST.
Flavor | Version | Tinstall | Tcheck | Ttotal | Status | Flags |
---|---|---|---|---|---|---|
r-devel-linux-x86_64-debian-clang | 1.1.0 | 46.06 | 499.35 | 545.41 | OK | |
r-devel-linux-x86_64-debian-gcc | 1.1.0 | 35.09 | 354.55 | 389.64 | OK | |
r-devel-linux-x86_64-fedora-clang | 1.1.0 | 697.10 | NOTE | |||
r-devel-linux-x86_64-fedora-gcc | 1.1.0 | 642.61 | OK | |||
r-devel-windows-x86_64 | 1.1.0 | 39.00 | 329.00 | 368.00 | NOTE | |
r-patched-linux-x86_64 | 1.1.0 | OK | ||||
r-release-linux-x86_64 | 1.1.0 | 44.39 | 480.62 | 525.01 | OK | |
r-release-macos-arm64 | 1.1.0 | 153.00 | NOTE | |||
r-release-macos-x86_64 | 1.1.0 | 275.00 | NOTE | |||
r-release-windows-x86_64 | 1.1.0 | 38.00 | 341.00 | 379.00 | NOTE | |
r-oldrel-macos-arm64 | 1.1.0 | 157.00 | NOTE | |||
r-oldrel-macos-x86_64 | 1.1.0 | 421.00 | NOTE | |||
r-oldrel-windows-x86_64 | 1.1.0 | 51.00 | 430.00 | 481.00 | NOTE |
Version: 1.1.0
Check: installed package size
Result: NOTE
installed size is 6.4Mb
sub-directories of 1Mb or more:
R 1.4Mb
doc-overview 2.2Mb
Flavors: r-devel-linux-x86_64-fedora-clang, r-devel-windows-x86_64, r-release-macos-arm64, r-release-macos-x86_64, r-release-windows-x86_64, r-oldrel-macos-arm64, r-oldrel-macos-x86_64, r-oldrel-windows-x86_64