Last updated on 2025-11-13 01:50:24 CET.
| Flavor | Version | Tinstall | Tcheck | Ttotal | Status | Flags |
|---|---|---|---|---|---|---|
| r-devel-linux-x86_64-debian-clang | 13.0-0 | 36.16 | 103.65 | 139.81 | OK | |
| r-devel-linux-x86_64-debian-gcc | 13.0-0 | 27.53 | 77.09 | 104.62 | OK | |
| r-devel-linux-x86_64-fedora-clang | 13.0-0 | 189.00 | 39.84 | 228.84 | OK | |
| r-devel-linux-x86_64-fedora-gcc | 13.0-0 | 174.00 | 65.24 | 239.24 | OK | |
| r-devel-windows-x86_64 | 13.0-0 | 39.00 | 132.00 | 171.00 | OK | |
| r-patched-linux-x86_64 | 13.0-0 | 37.41 | 98.94 | 136.35 | OK | |
| r-release-linux-x86_64 | 13.0-0 | 36.25 | 99.40 | 135.65 | OK | |
| r-release-macos-arm64 | 13.0-0 | 26.00 | 56.00 | 82.00 | OK | |
| r-release-macos-x86_64 | 13.0-0 | 36.00 | 116.00 | 152.00 | OK | |
| r-release-windows-x86_64 | 13.0-0 | 38.00 | 130.00 | 168.00 | OK | |
| r-oldrel-macos-arm64 | 13.0-0 | 28.00 | 61.00 | 89.00 | NOTE | |
| r-oldrel-macos-x86_64 | 13.0-0 | 39.00 | 133.00 | 172.00 | NOTE | |
| r-oldrel-windows-x86_64 | 13.0-0 | 52.00 | 163.00 | 215.00 | NOTE |
Version: 13.0-0
Check: installed package size
Result: NOTE
installed size is 6.9Mb
sub-directories of 1Mb or more:
data 5.9Mb
Flavors: r-oldrel-macos-arm64, r-oldrel-macos-x86_64, r-oldrel-windows-x86_64