Last updated on 2025-02-14 02:49:46 CET.
Flavor | Version | Tinstall | Tcheck | Ttotal | Status | Flags |
---|---|---|---|---|---|---|
r-devel-linux-x86_64-debian-clang | 1.5.5 | 5.65 | 46.49 | 52.14 | NOTE | |
r-devel-linux-x86_64-debian-gcc | 1.5.5 | 4.28 | 33.66 | 37.94 | NOTE | |
r-devel-linux-x86_64-fedora-clang | 1.5.5 | 86.19 | OK | |||
r-devel-linux-x86_64-fedora-gcc | 1.5.5 | 80.81 | OK | |||
r-devel-windows-x86_64 | 1.5.5 | 11.00 | 76.00 | 87.00 | NOTE | |
r-patched-linux-x86_64 | 1.5.5 | 9.22 | 44.47 | 53.69 | OK | |
r-release-linux-x86_64 | 1.5.5 | 6.48 | 44.17 | 50.65 | OK | |
r-release-macos-arm64 | 1.5.5 | 28.00 | OK | |||
r-release-macos-x86_64 | 1.5.5 | 47.00 | OK | |||
r-release-windows-x86_64 | 1.5.5 | 11.00 | 75.00 | 86.00 | OK | |
r-oldrel-macos-arm64 | 1.5.5 | 31.00 | OK | |||
r-oldrel-macos-x86_64 | 1.5.5 | 46.00 | OK | |||
r-oldrel-windows-x86_64 | 1.5.5 | 13.00 | 80.00 | 93.00 | OK |
Version: 1.5.5
Check: Rd cross-references
Result: NOTE
Found the following Rd file(s) with Rd \link{} targets missing package
anchors:
load.all.data.Rd: load.ts
load.meta.Rd: load.ts
metab.bayesian.Rd: ts.meta.depths
metab.bookkeep.Rd: ts.meta.depths
metab.kalman.Rd: ts.meta.depths
metab.mle.Rd: ts.meta.depths
metab.ols.Rd: ts.meta.depths
o2.at.sat.Rd: water.density
Please provide package anchors for all Rd \link{} targets not in the
package itself and the base packages.
Flavors: r-devel-linux-x86_64-debian-clang, r-devel-linux-x86_64-debian-gcc, r-devel-windows-x86_64