Last updated on 2025-02-05 02:48:52 CET.
Flavor | Version | Tinstall | Tcheck | Ttotal | Status | Flags |
---|---|---|---|---|---|---|
r-devel-linux-x86_64-debian-clang | 0.6.9-1 | 37.61 | 79.91 | 117.52 | NOTE | |
r-devel-linux-x86_64-debian-gcc | 0.6.9-1 | 26.41 | 57.18 | 83.59 | NOTE | |
r-devel-linux-x86_64-fedora-clang | 0.6.9-1 | 226.66 | OK | |||
r-devel-linux-x86_64-fedora-gcc | 0.6.9-1 | 226.07 | OK | |||
r-devel-windows-x86_64 | 0.6.9-1 | 48.00 | 117.00 | 165.00 | NOTE | |
r-patched-linux-x86_64 | 0.6.9-1 | 42.06 | 73.72 | 115.78 | OK | |
r-release-linux-x86_64 | 0.6.9-1 | 38.83 | 73.56 | 112.39 | OK | |
r-release-macos-arm64 | 0.6.9-1 | 69.00 | OK | |||
r-release-macos-x86_64 | 0.6.9-1 | 93.00 | OK | |||
r-release-windows-x86_64 | 0.6.9-1 | 48.00 | 117.00 | 165.00 | OK | |
r-oldrel-macos-arm64 | 0.6.9-1 | 61.00 | OK | |||
r-oldrel-macos-x86_64 | 0.6.9-1 | 99.00 | OK | |||
r-oldrel-windows-x86_64 | 0.6.9-1 | 51.00 | 136.00 | 187.00 | OK |
Version: 0.6.9-1
Check: Rd cross-references
Result: NOTE
Found the following Rd file(s) with Rd \link{} targets missing package
anchors:
bootstrap.Rd: boot
Please provide package anchors for all Rd \link{} targets not in the
package itself and the base packages.
Flavors: r-devel-linux-x86_64-debian-clang, r-devel-linux-x86_64-debian-gcc, r-devel-windows-x86_64