Last updated on 2024-07-27 01:53:15 CEST.
Flavor | Version | Tinstall | Tcheck | Ttotal | Status | Flags |
---|---|---|---|---|---|---|
r-devel-linux-x86_64-debian-clang | 1.2.2 | 11.56 | 105.26 | 116.82 | OK | |
r-devel-linux-x86_64-debian-gcc | 1.2.2 | 7.98 | 78.32 | 86.30 | OK | |
r-devel-linux-x86_64-fedora-clang | 1.2.2 | 150.61 | NOTE | |||
r-devel-linux-x86_64-fedora-gcc | 1.2.2 | 140.69 | NOTE | |||
r-devel-windows-x86_64 | 1.2.2 | 13.00 | 93.00 | 106.00 | OK | |
r-patched-linux-x86_64 | 1.2.2 | OK | ||||
r-release-linux-x86_64 | 1.2.2 | 7.55 | 99.76 | 107.31 | OK | |
r-release-macos-arm64 | 1.2.2 | 41.00 | OK | |||
r-release-macos-x86_64 | 1.2.2 | 67.00 | OK | |||
r-release-windows-x86_64 | 1.2.2 | 12.00 | 95.00 | 107.00 | OK | |
r-oldrel-macos-arm64 | 1.2.2 | 44.00 | OK | |||
r-oldrel-macos-x86_64 | 1.2.2 | 58.00 | OK | |||
r-oldrel-windows-x86_64 | 1.2.2 | 15.00 | 114.00 | 129.00 | OK |
Version: 1.2.2
Check: dependencies in R code
Result: NOTE
Namespaces in Imports field not imported from:
‘SnowballC’ ‘data.table’ ‘e1071’ ‘fastmatch’
All declared Imports should be used.
Flavors: r-devel-linux-x86_64-fedora-clang, r-devel-linux-x86_64-fedora-gcc