CRAN Package Check Results for Package LimnoPalettes

Last updated on 2025-05-24 01:51:25 CEST.

Flavor Version Tinstall Tcheck Ttotal Status Flags
r-devel-linux-x86_64-debian-clang 0.1.0 1.67 17.23 18.90 OK
r-devel-linux-x86_64-debian-gcc 0.1.0 1.27 14.22 15.49 OK
r-devel-linux-x86_64-fedora-clang 0.1.0 27.24 OK
r-devel-linux-x86_64-fedora-gcc 0.1.0 26.17 OK
r-devel-windows-x86_64 0.1.0 3.00 36.00 39.00 OK
r-patched-linux-x86_64 0.1.0 1.59 15.50 17.09 OK
r-release-linux-x86_64 0.1.0 1.41 15.42 16.83 OK
r-release-macos-arm64 0.1.0 12.00 OK
r-release-macos-x86_64 0.1.0 22.00 OK
r-release-windows-x86_64 0.1.0 3.00 35.00 38.00 OK
r-oldrel-macos-arm64 0.1.0 13.00 NOTE
r-oldrel-macos-x86_64 0.1.0 19.00 NOTE
r-oldrel-windows-x86_64 0.1.0 4.00 33.00 37.00 NOTE

Check Details

Version: 0.1.0
Check: LazyData
Result: NOTE 'LazyData' is specified without a 'data' directory Flavors: r-oldrel-macos-arm64, r-oldrel-macos-x86_64, r-oldrel-windows-x86_64