Last updated on 2024-07-27 01:53:15 CEST.
Flavor | Version | Tinstall | Tcheck | Ttotal | Status | Flags |
---|---|---|---|---|---|---|
r-devel-linux-x86_64-debian-clang | 0.9.24 | 99.95 | 376.52 | 476.47 | OK | |
r-devel-linux-x86_64-debian-gcc | 0.9.24 | 71.49 | 268.90 | 340.39 | NOTE | |
r-devel-linux-x86_64-fedora-clang | 0.9.24 | 665.33 | OK | |||
r-devel-linux-x86_64-fedora-gcc | 0.9.24 | 600.84 | OK | |||
r-devel-windows-x86_64 | 0.9.24 | 81.00 | 318.00 | 399.00 | NOTE | |
r-patched-linux-x86_64 | 0.9.24 | OK | ||||
r-release-linux-x86_64 | 0.9.24 | 79.14 | 354.73 | 433.87 | OK | |
r-release-macos-arm64 | 0.9.24 | 140.00 | NOTE | |||
r-release-macos-x86_64 | 0.9.24 | 406.00 | NOTE | |||
r-release-windows-x86_64 | 0.9.24 | 90.00 | 308.00 | 398.00 | OK | |
r-oldrel-macos-arm64 | 0.9.24 | 154.00 | NOTE | |||
r-oldrel-macos-x86_64 | 0.9.24 | 312.00 | NOTE | |||
r-oldrel-windows-x86_64 | 0.9.24 | 101.00 | 404.00 | 505.00 | OK |
Version: 0.9.24
Check: Rd cross-references
Result: NOTE
Found the following Rd file(s) with Rd \link{} targets missing package
anchors:
calc_MinDose.Rd: mle2, profile.mle2
combine_De_Dr.Rd: mclust-package
plot_NRt.Rd: rollmean
read_XSYG2R.Rd: xml
Please provide package anchors for all Rd \link{} targets not in the
package itself and the base packages.
Flavors: r-devel-linux-x86_64-debian-gcc, r-devel-windows-x86_64
Version: 0.9.24
Check: installed package size
Result: NOTE
installed size is 6.1Mb
sub-directories of 1Mb or more:
R 2.0Mb
libs 1.9Mb
Flavors: r-release-macos-arm64, r-release-macos-x86_64, r-oldrel-macos-arm64, r-oldrel-macos-x86_64