Last updated on 2025-05-25 02:50:11 CEST.
Flavor | Version | Tinstall | Tcheck | Ttotal | Status | Flags |
---|---|---|---|---|---|---|
r-devel-linux-x86_64-debian-clang | 1.1.7 | 124.15 | 169.69 | 293.84 | OK | |
r-devel-linux-x86_64-debian-gcc | 1.1.7 | 107.39 | 136.20 | 243.59 | OK | |
r-devel-linux-x86_64-fedora-clang | 1.1.7 | 459.61 | OK | |||
r-devel-linux-x86_64-fedora-gcc | 1.1.7 | 568.88 | OK | |||
r-devel-windows-x86_64 | 1.1.7 | 137.00 | 231.00 | 368.00 | OK | |
r-patched-linux-x86_64 | 1.1.7 | 146.55 | 181.31 | 327.86 | OK | |
r-release-linux-x86_64 | 1.1.7 | 133.13 | 181.42 | 314.55 | OK | |
r-release-macos-arm64 | 1.1.7 | 125.00 | OK | |||
r-release-macos-x86_64 | 1.1.7 | 261.00 | OK | |||
r-release-windows-x86_64 | 1.1.7 | 134.00 | 226.00 | 360.00 | OK | |
r-oldrel-macos-arm64 | 1.1.7 | 76.00 | NOTE | |||
r-oldrel-macos-x86_64 | 1.1.7 | 133.00 | NOTE | |||
r-oldrel-windows-x86_64 | 1.1.7 | 158.00 | 274.00 | 432.00 | NOTE |
Version: 1.1.7
Check: installed package size
Result: NOTE
installed size is 38.1Mb
sub-directories of 1Mb or more:
libs 37.7Mb
Flavors: r-oldrel-macos-arm64, r-oldrel-macos-x86_64
Version: 1.1.7
Check: for GNU extensions in Makefiles
Result: NOTE
GNU make is a SystemRequirements.
Flavors: r-oldrel-macos-arm64, r-oldrel-macos-x86_64, r-oldrel-windows-x86_64