Last updated on 2025-02-05 02:48:52 CET.
Flavor | Version | Tinstall | Tcheck | Ttotal | Status | Flags |
---|---|---|---|---|---|---|
r-devel-linux-x86_64-debian-clang | 0.5.4 | 9.96 | 186.80 | 196.76 | NOTE | |
r-devel-linux-x86_64-debian-gcc | 0.5.4 | 6.52 | 115.48 | 122.00 | NOTE | |
r-devel-linux-x86_64-fedora-clang | 0.5.4 | 336.87 | NOTE | |||
r-devel-linux-x86_64-fedora-gcc | 0.5.4 | 311.34 | NOTE | |||
r-devel-windows-x86_64 | 0.5.4 | 10.00 | 172.00 | 182.00 | NOTE | |
r-patched-linux-x86_64 | 0.5.4 | 8.23 | 172.88 | 181.11 | NOTE | |
r-release-linux-x86_64 | 0.5.4 | 8.58 | 174.88 | 183.46 | NOTE | |
r-release-macos-arm64 | 0.5.4 | 77.00 | NOTE | |||
r-release-macos-x86_64 | 0.5.4 | 137.00 | NOTE | |||
r-release-windows-x86_64 | 0.5.4 | 11.00 | 174.00 | 185.00 | NOTE | |
r-oldrel-macos-arm64 | 0.5.4 | 89.00 | OK | |||
r-oldrel-macos-x86_64 | 0.5.4 | 258.00 | OK | |||
r-oldrel-windows-x86_64 | 0.5.4 | 13.00 | 230.00 | 243.00 | OK |
Version: 0.5.4
Check: Rd files
Result: NOTE
checkRd: (-1) EEGwide.Rd:30-33: Lost braces
30 | if(requireNamespace("ggplot2")){
| ^
Flavors: r-devel-linux-x86_64-debian-clang, r-devel-linux-x86_64-debian-gcc, r-devel-linux-x86_64-fedora-clang, r-devel-linux-x86_64-fedora-gcc, r-devel-windows-x86_64, r-patched-linux-x86_64, r-release-linux-x86_64, r-release-macos-arm64, r-release-macos-x86_64, r-release-windows-x86_64