Last updated on 2025-11-13 02:52:24 CET.
| Flavor | Version | Tinstall | Tcheck | Ttotal | Status | Flags |
|---|---|---|---|---|---|---|
| r-devel-linux-x86_64-debian-clang | 0.1.0 | 15.50 | 174.18 | 189.68 | OK | |
| r-devel-linux-x86_64-debian-gcc | 0.1.0 | 10.65 | 121.94 | 132.59 | OK | |
| r-devel-linux-x86_64-fedora-clang | 0.1.0 | 58.00 | 230.69 | 288.69 | OK | |
| r-devel-linux-x86_64-fedora-gcc | 0.1.0 | 80.00 | 222.40 | 302.40 | OK | |
| r-devel-windows-x86_64 | 0.1.0 | 16.00 | 155.00 | 171.00 | OK | |
| r-patched-linux-x86_64 | 0.1.0 | 16.39 | 162.78 | 179.17 | OK | |
| r-release-linux-x86_64 | 0.1.0 | 13.64 | 161.52 | 175.16 | OK | |
| r-release-macos-arm64 | 0.1.0 | 5.00 | 67.00 | 72.00 | OK | |
| r-release-macos-x86_64 | 0.1.0 | 11.00 | 102.00 | 113.00 | OK | |
| r-release-windows-x86_64 | 0.1.0 | 16.00 | 149.00 | 165.00 | OK | |
| r-oldrel-macos-arm64 | 0.1.0 | 6.00 | 75.00 | 81.00 | NOTE | |
| r-oldrel-macos-x86_64 | 0.1.0 | 10.00 | 103.00 | 113.00 | NOTE | |
| r-oldrel-windows-x86_64 | 0.1.0 | 23.00 | 211.00 | 234.00 | OK |
Version: 0.1.0
Check: package dependencies
Result: NOTE
Package suggested but not available for checking: ‘INLA’
Flavors: r-oldrel-macos-arm64, r-oldrel-macos-x86_64
Version: 0.1.0
Check: installed package size
Result: NOTE
installed size is 5.0Mb
sub-directories of 1Mb or more:
extdata 4.2Mb
Flavor: r-oldrel-macos-arm64
Version: 0.1.0
Check: Rd cross-references
Result: NOTE
Package unavailable to check Rd xrefs: ‘INLA’
Flavors: r-oldrel-macos-arm64, r-oldrel-macos-x86_64