Last updated on 2024-07-27 01:53:16 CEST.
Flavor | Version | Tinstall | Tcheck | Ttotal | Status | Flags |
---|---|---|---|---|---|---|
r-devel-linux-x86_64-debian-clang | 0.4.3 | 9.81 | 778.81 | 788.62 | OK | |
r-devel-linux-x86_64-debian-gcc | 0.4.3 | 10.71 | 561.98 | 572.69 | OK | |
r-devel-linux-x86_64-fedora-clang | 0.4.3 | 982.59 | NOTE | |||
r-devel-linux-x86_64-fedora-gcc | 0.4.3 | 986.60 | NOTE | |||
r-devel-windows-x86_64 | 0.4.3 | 14.00 | 726.00 | 740.00 | OK | |
r-patched-linux-x86_64 | 0.4.3 | OK | ||||
r-release-linux-x86_64 | 0.4.3 | 14.14 | 765.78 | 779.92 | OK | |
r-release-macos-arm64 | 0.4.3 | 252.00 | OK | |||
r-release-macos-x86_64 | 0.4.3 | 435.00 | OK | |||
r-release-windows-x86_64 | 0.4.3 | 13.00 | 727.00 | 740.00 | OK | |
r-oldrel-macos-arm64 | 0.4.3 | 255.00 | OK | |||
r-oldrel-macos-x86_64 | 0.4.3 | 720.00 | OK | |||
r-oldrel-windows-x86_64 | 0.4.3 | 17.00 | 837.00 | 854.00 | OK |
Version: 0.4.3
Check: data for non-ASCII characters
Result: NOTE
Note: found 6 marked Latin-1 strings
Flavors: r-devel-linux-x86_64-fedora-clang, r-devel-linux-x86_64-fedora-gcc