CRAN Package Check Results for Package MCBackscattering

Last updated on 2025-05-07 01:50:01 CEST.

Flavor Version Tinstall Tcheck Ttotal Status Flags
r-devel-linux-x86_64-debian-clang 0.1.1 2.17 29.08 31.25 NOTE
r-devel-linux-x86_64-debian-gcc 0.1.1 1.75 21.86 23.61 NOTE
r-devel-linux-x86_64-fedora-clang 0.1.1 49.04 OK
r-devel-linux-x86_64-fedora-gcc 0.1.1 46.67 OK
r-devel-windows-x86_64 0.1.1 3.00 47.00 50.00 OK
r-patched-linux-x86_64 0.1.1 3.11 28.40 31.51 OK
r-release-linux-x86_64 0.1.1 1.73 28.07 29.80 OK
r-release-macos-arm64 0.1.1 21.00 OK
r-release-macos-x86_64 0.1.1 31.00 OK
r-release-windows-x86_64 0.1.1 3.00 46.00 49.00 OK
r-oldrel-macos-arm64 0.1.1 17.00 NOTE
r-oldrel-macos-x86_64 0.1.1 40.00 NOTE
r-oldrel-windows-x86_64 0.1.1 4.00 46.00 50.00 NOTE

Check Details

Version: 0.1.1
Check: CRAN incoming feasibility
Result: NOTE Maintainer: ‘Laszlo Baranyai <Baranyai.Laszlo@etk.szie.hu>’ No Authors@R field in DESCRIPTION. Please add one, modifying Authors@R: person(given = "Laszlo", family = "Baranyai", role = c("aut", "cre"), email = "lbaranyai@atb-potsdam.de") as necessary. Flavors: r-devel-linux-x86_64-debian-clang, r-devel-linux-x86_64-debian-gcc

Version: 0.1.1
Check: LazyData
Result: NOTE 'LazyData' is specified without a 'data' directory Flavors: r-oldrel-macos-arm64, r-oldrel-macos-x86_64, r-oldrel-windows-x86_64