Last updated on 2024-05-09 01:56:00 CEST.
Flavor | Version | Tinstall | Tcheck | Ttotal | Status | Flags |
---|---|---|---|---|---|---|
r-devel-linux-x86_64-debian-clang | 1.7-0 | 718.58 | 157.82 | 876.40 | OK | |
r-devel-linux-x86_64-debian-gcc | 1.7-0 | 386.29 | 114.46 | 500.75 | OK | |
r-devel-linux-x86_64-fedora-clang | 1.7-0 | 1086.12 | NOTE | |||
r-devel-linux-x86_64-fedora-gcc | 1.7-0 | 1071.52 | OK | |||
r-devel-windows-x86_64 | 1.7-0 | 333.00 | 165.00 | 498.00 | OK | |
r-patched-linux-x86_64 | 1.7-0 | 460.52 | 154.30 | 614.82 | OK | |
r-release-linux-x86_64 | 1.7-0 | 467.95 | 148.41 | 616.36 | OK | |
r-release-macos-arm64 | 1.7-0 | 220.00 | NOTE | |||
r-release-windows-x86_64 | 1.7-0 | 335.00 | 163.00 | 498.00 | OK | |
r-oldrel-macos-arm64 | 1.7-0 | 227.00 | NOTE | |||
r-oldrel-macos-x86_64 | 1.7-0 | 253.00 | NOTE | |||
r-oldrel-windows-x86_64 | 1.7-0 | 405.00 | 208.00 | 613.00 | OK |
Version: 1.7-0
Check: installed package size
Result: NOTE
installed size is 6.8Mb
sub-directories of 1Mb or more:
libs 5.7Mb
Flavors: r-devel-linux-x86_64-fedora-clang, r-release-macos-arm64, r-oldrel-macos-arm64, r-oldrel-macos-x86_64