Last updated on 2024-07-27 01:53:16 CEST.
Flavor | Version | Tinstall | Tcheck | Ttotal | Status | Flags |
---|---|---|---|---|---|---|
r-devel-linux-x86_64-debian-clang | 1.1 | 16.28 | 177.79 | 194.07 | OK | |
r-devel-linux-x86_64-debian-gcc | 1.1 | 14.59 | 134.01 | 148.60 | NOTE | |
r-devel-linux-x86_64-fedora-clang | 1.1 | 235.34 | OK | |||
r-devel-linux-x86_64-fedora-gcc | 1.1 | 256.70 | OK | |||
r-devel-windows-x86_64 | 1.1 | 16.00 | 147.00 | 163.00 | NOTE | |
r-patched-linux-x86_64 | 1.1 | OK | ||||
r-release-linux-x86_64 | 1.1 | 12.97 | 166.27 | 179.24 | OK | |
r-release-macos-arm64 | 1.1 | 72.00 | OK | |||
r-release-macos-x86_64 | 1.1 | 111.00 | OK | |||
r-release-windows-x86_64 | 1.1 | 16.00 | 151.00 | 167.00 | OK | |
r-oldrel-macos-arm64 | 1.1 | 84.00 | OK | |||
r-oldrel-macos-x86_64 | 1.1 | 124.00 | OK | |||
r-oldrel-windows-x86_64 | 1.1 | 21.00 | 185.00 | 206.00 | OK |
Version: 1.1
Check: Rd cross-references
Result: NOTE
Found the following Rd file(s) with Rd \link{} targets missing package
anchors:
plot.pcmap3d.Rd: rgl
Please provide package anchors for all Rd \link{} targets not in the
package itself and the base packages.
Flavors: r-devel-linux-x86_64-debian-gcc, r-devel-windows-x86_64