Last updated on 2025-05-05 01:50:52 CEST.
Flavor | Version | Tinstall | Tcheck | Ttotal | Status | Flags |
---|---|---|---|---|---|---|
r-devel-linux-x86_64-debian-clang | 1.0-1 | 2.39 | 21.37 | 23.76 | NOTE | |
r-devel-linux-x86_64-debian-gcc | 1.0-1 | 2.04 | 16.85 | 18.89 | NOTE | |
r-devel-linux-x86_64-fedora-clang | 1.0-1 | 37.45 | OK | |||
r-devel-linux-x86_64-fedora-gcc | 1.0-1 | 35.69 | OK | |||
r-devel-windows-x86_64 | 1.0-1 | 3.00 | 43.00 | 46.00 | OK | |
r-patched-linux-x86_64 | 1.0-1 | 2.64 | 20.52 | 23.16 | OK | |
r-release-linux-x86_64 | 1.0-1 | 2.15 | 20.65 | 22.80 | OK | |
r-release-macos-arm64 | 1.0-1 | 19.00 | OK | |||
r-release-macos-x86_64 | 1.0-1 | 27.00 | OK | |||
r-release-windows-x86_64 | 1.0-1 | 3.00 | 45.00 | 48.00 | OK | |
r-oldrel-macos-arm64 | 1.0-1 | 15.00 | OK | |||
r-oldrel-macos-x86_64 | 1.0-1 | 23.00 | OK | |||
r-oldrel-windows-x86_64 | 1.0-1 | 4.00 | 43.00 | 47.00 | OK |
Version: 1.0-1
Check: CRAN incoming feasibility
Result: NOTE
Maintainer: ‘Takumi Tsutaya <tsutayatakumi@gmail.com>’
No Authors@R field in DESCRIPTION.
Please add one, modifying
Authors@R: person(given = "Takumi",
family = "Tsutaya",
role = c("aut", "cre"),
email = "tsutayatakumi@gmail.com",
comment = c(ORCID = "0000-0001-5104-5223"))
as necessary.
Flavors: r-devel-linux-x86_64-debian-clang, r-devel-linux-x86_64-debian-gcc