Last updated on 2025-11-20 03:50:15 CET.
| Flavor | Version | Tinstall | Tcheck | Ttotal | Status | Flags |
|---|---|---|---|---|---|---|
| r-devel-linux-x86_64-debian-clang | 1.0.7 | 2.96 | 33.19 | 36.15 | NOTE | |
| r-devel-linux-x86_64-debian-gcc | 1.0.7 | 2.36 | 25.49 | 27.85 | NOTE | |
| r-devel-linux-x86_64-fedora-clang | 1.0.7 | 54.96 | OK | |||
| r-devel-linux-x86_64-fedora-gcc | 1.0.7 | 49.82 | OK | |||
| r-devel-windows-x86_64 | 1.0.7 | 6.00 | 53.00 | 59.00 | OK | |
| r-patched-linux-x86_64 | 1.0.7 | 4.12 | 29.45 | 33.57 | OK | |
| r-release-linux-x86_64 | 1.0.7 | 3.21 | 29.86 | 33.07 | OK | |
| r-release-macos-arm64 | 1.0.7 | OK | ||||
| r-release-macos-x86_64 | 1.0.7 | 3.00 | 29.00 | 32.00 | OK | |
| r-release-windows-x86_64 | 1.0.7 | 6.00 | 51.00 | 57.00 | OK | |
| r-oldrel-macos-arm64 | 1.0.7 | OK | ||||
| r-oldrel-macos-x86_64 | 1.0.7 | 2.00 | 25.00 | 27.00 | OK | |
| r-oldrel-windows-x86_64 | 1.0.7 | 7.00 | 59.00 | 66.00 | OK |
Version: 1.0.7
Check: CRAN incoming feasibility
Result: NOTE
Maintainer: ‘William H. Asquith <wasquith@usgs.gov>’
No Authors@R field in DESCRIPTION.
Please add one, modifying
Authors@R: c(person(given = c("William", "H."),
family = "Asquith",
role = c("aut", "cre"),
email = "wasquith@usgs.gov"),
person(given = c("John", "F."),
family = "England",
role = c("aut", "ctb")),
person(given = c("George", "R."),
family = "Herrmann",
role = "ctb"))
as necessary.
Flavors: r-devel-linux-x86_64-debian-clang, r-devel-linux-x86_64-debian-gcc