Last updated on 2025-11-01 01:50:37 CET.
| Flavor | Version | Tinstall | Tcheck | Ttotal | Status | Flags |
|---|---|---|---|---|---|---|
| r-devel-linux-x86_64-debian-clang | 0.14.0 | 2.84 | 28.48 | 31.32 | OK | |
| r-devel-linux-x86_64-debian-gcc | 0.14.0 | 2.03 | 21.84 | 23.87 | OK | |
| r-devel-linux-x86_64-fedora-clang | 0.14.0 | 11.00 | 38.95 | 49.95 | NOTE | |
| r-devel-linux-x86_64-fedora-gcc | 0.14.0 | 11.00 | 35.67 | 46.67 | NOTE | |
| r-devel-windows-x86_64 | 0.14.0 | 5.00 | 46.00 | 51.00 | OK | |
| r-patched-linux-x86_64 | 0.14.0 | 2.88 | 26.91 | 29.79 | OK | |
| r-release-linux-x86_64 | 0.14.0 | 2.63 | 26.71 | 29.34 | OK | |
| r-release-macos-arm64 | 0.14.0 | 1.00 | 19.00 | 20.00 | OK | |
| r-release-macos-x86_64 | 0.14.0 | 2.00 | 25.00 | 27.00 | OK | |
| r-release-windows-x86_64 | 0.14.0 | 5.00 | 49.00 | 54.00 | OK | |
| r-oldrel-macos-arm64 | 0.14.0 | 2.00 | 23.00 | 25.00 | OK | |
| r-oldrel-macos-x86_64 | 0.14.0 | 2.00 | 30.00 | 32.00 | OK | |
| r-oldrel-windows-x86_64 | 0.14.0 | 6.00 | 56.00 | 62.00 | OK |
Version: 0.14.0
Check: dependencies in R code
Result: NOTE
Namespaces in Imports field not imported from:
‘DT’ ‘assertthat’ ‘fmsb’ ‘shinyalert’ ‘tidyr’ ‘writexl’
All declared Imports should be used.
Flavors: r-devel-linux-x86_64-fedora-clang, r-devel-linux-x86_64-fedora-gcc