Last updated on 2025-05-24 01:51:27 CEST.
Flavor | Version | Tinstall | Tcheck | Ttotal | Status | Flags |
---|---|---|---|---|---|---|
r-devel-linux-x86_64-debian-clang | 0.4.3 | 2.45 | 25.71 | 28.16 | NOTE | |
r-devel-linux-x86_64-debian-gcc | 0.4.3 | 1.89 | 20.03 | 21.92 | NOTE | |
r-devel-linux-x86_64-fedora-clang | 0.4.3 | 44.28 | NOTE | |||
r-devel-linux-x86_64-fedora-gcc | 0.4.3 | 41.06 | NOTE | |||
r-devel-windows-x86_64 | 0.4.3 | 4.00 | 48.00 | 52.00 | NOTE | |
r-patched-linux-x86_64 | 0.4.3 | 2.58 | 24.06 | 26.64 | NOTE | |
r-release-linux-x86_64 | 0.4.3 | 2.17 | 24.12 | 26.29 | NOTE | |
r-release-macos-arm64 | 0.4.3 | 20.00 | NOTE | |||
r-release-macos-x86_64 | 0.4.3 | 31.00 | NOTE | |||
r-release-windows-x86_64 | 0.4.3 | 3.00 | 49.00 | 52.00 | NOTE | |
r-oldrel-macos-arm64 | 0.4.3 | 18.00 | NOTE | |||
r-oldrel-macos-x86_64 | 0.4.3 | 25.00 | NOTE | |||
r-oldrel-windows-x86_64 | 0.4.3 | 4.00 | 48.00 | 52.00 | NOTE |
Version: 0.4.3
Check: Rd files
Result: NOTE
checkRd: (-1) Texture.Rd:35: Escaped LaTeX specials: \&
checkRd: (-1) binom.diagnostics.Rd:33: Escaped LaTeX specials: \&
Flavors: r-devel-linux-x86_64-debian-clang, r-devel-linux-x86_64-debian-gcc, r-devel-linux-x86_64-fedora-clang, r-devel-linux-x86_64-fedora-gcc, r-devel-windows-x86_64, r-patched-linux-x86_64, r-release-linux-x86_64, r-release-macos-arm64, r-release-macos-x86_64, r-release-windows-x86_64, r-oldrel-macos-arm64, r-oldrel-macos-x86_64, r-oldrel-windows-x86_64